Last updated on 2018-06-20 01:50:30 CEST.
Flavor | Version | Tinstall | Tcheck | Ttotal | Status | Flags |
---|---|---|---|---|---|---|
r-devel-linux-x86_64-debian-clang | 1.0.0 | 1.87 | 34.11 | 35.98 | NOTE | |
r-devel-linux-x86_64-debian-gcc | 1.0.0 | 1.97 | 25.81 | 27.78 | NOTE | |
r-devel-linux-x86_64-fedora-clang | 1.0.0 | 43.29 | NOTE | |||
r-devel-linux-x86_64-fedora-gcc | 1.0.0 | 41.05 | NOTE | |||
r-devel-windows-ix86+x86_64 | 1.0.0 | 9.00 | 39.00 | 48.00 | NOTE | |
r-patched-linux-x86_64 | 1.0.0 | 2.17 | 32.15 | 34.32 | NOTE | |
r-patched-solaris-x86 | 1.0.0 | 53.80 | NOTE | |||
r-release-linux-x86_64 | 1.0.0 | 2.23 | 32.24 | 34.47 | NOTE | |
r-release-windows-ix86+x86_64 | 1.0.0 | 6.00 | 54.00 | 60.00 | NOTE | |
r-release-osx-x86_64 | 1.0.0 | NOTE | ||||
r-oldrel-windows-ix86+x86_64 | 1.0.0 | 5.00 | 42.00 | 47.00 | OK | |
r-oldrel-osx-x86_64 | 1.0.0 | OK |
Version: 1.0.0
Check: files in ‘vignettes’
Result: NOTE
Files named as vignettes but with no recognized vignette engine:
‘vignettes/Untitled.Rnw’
(Is a VignetteBuilder field missing?)
Flavors: r-devel-linux-x86_64-debian-clang, r-devel-linux-x86_64-debian-gcc, r-devel-linux-x86_64-fedora-clang, r-devel-linux-x86_64-fedora-gcc, r-devel-windows-ix86+x86_64, r-patched-linux-x86_64, r-patched-solaris-x86, r-release-linux-x86_64, r-release-windows-ix86+x86_64, r-release-osx-x86_64