Last updated on 2018-06-20 01:50:27 CEST.
Flavor | Version | Tinstall | Tcheck | Ttotal | Status | Flags |
---|---|---|---|---|---|---|
r-devel-linux-x86_64-debian-clang | 0.9.5 | 13.54 | 132.36 | 145.90 | OK | |
r-devel-linux-x86_64-debian-gcc | 0.9.5 | 10.07 | 104.44 | 114.51 | OK | |
r-devel-linux-x86_64-fedora-clang | 0.9.5 | 172.47 | NOTE | |||
r-devel-linux-x86_64-fedora-gcc | 0.9.5 | 170.88 | NOTE | |||
r-devel-windows-ix86+x86_64 | 0.9.5 | 38.00 | 220.00 | 258.00 | OK | |
r-patched-linux-x86_64 | 0.9.5 | 9.05 | 121.30 | 130.35 | OK | |
r-patched-solaris-x86 | 0.9.5 | 223.40 | NOTE | |||
r-release-linux-x86_64 | 0.9.5 | 13.57 | 120.83 | 134.40 | OK | |
r-release-windows-ix86+x86_64 | 0.9.5 | 17.00 | 135.00 | 152.00 | OK | |
r-release-osx-x86_64 | 0.9.5 | NOTE | ||||
r-oldrel-windows-ix86+x86_64 | 0.9.5 | 19.00 | 145.00 | 164.00 | OK | |
r-oldrel-osx-x86_64 | 0.8.0 | NOTE |
Version: 0.9.5
Check: dependencies in R code
Result: NOTE
Namespace in Imports field not imported from: ‘rstudioapi’
All declared Imports should be used.
Flavors: r-devel-linux-x86_64-fedora-clang, r-devel-linux-x86_64-fedora-gcc, r-patched-solaris-x86, r-release-osx-x86_64
Version: 0.9.5
Check: data for non-ASCII characters
Result: NOTE
Note: found 2 marked UTF-8 strings
Flavors: r-devel-linux-x86_64-fedora-clang, r-devel-linux-x86_64-fedora-gcc, r-patched-solaris-x86, r-release-osx-x86_64
Version: 0.8.0
Check: data for non-ASCII characters
Result: NOTE
Note: found 2 marked UTF-8 strings
Flavor: r-oldrel-osx-x86_64