CRAN Package Check Results for Package railtrails

Last updated on 2018-06-20 01:50:27 CEST.

Flavor Version Tinstall Tcheck Ttotal Status Flags
r-devel-linux-x86_64-debian-clang 0.1.1 2.01 25.65 27.66 OK
r-devel-linux-x86_64-debian-gcc 0.1.1 1.30 19.95 21.25 OK
r-devel-linux-x86_64-fedora-clang 0.1.1 33.02 NOTE
r-devel-linux-x86_64-fedora-gcc 0.1.1 30.81 NOTE
r-devel-windows-ix86+x86_64 0.1.1 6.00 53.00 59.00 OK
r-patched-linux-x86_64 0.1.1 1.74 23.00 24.74 OK
r-patched-solaris-x86 0.1.1 45.90 NOTE
r-release-linux-x86_64 0.1.1 1.86 23.31 25.17 OK
r-release-windows-ix86+x86_64 0.1.1 4.00 55.00 59.00 OK
r-release-osx-x86_64 0.1.1 NOTE
r-oldrel-windows-ix86+x86_64 0.1.1 5.00 39.00 44.00 OK
r-oldrel-osx-x86_64 0.0.3 NOTE

Check Details

Version: 0.1.1
Check: data for non-ASCII characters
Result: NOTE
     Note: found 1557 marked UTF-8 strings
Flavors: r-devel-linux-x86_64-fedora-clang, r-devel-linux-x86_64-fedora-gcc, r-patched-solaris-x86, r-release-osx-x86_64

Version: 0.0.3
Check: data for non-ASCII characters
Result: NOTE
     Note: found 1583 marked UTF-8 strings
Flavor: r-oldrel-osx-x86_64