Last updated on 2018-06-20 01:50:27 CEST.
Flavor | Version | Tinstall | Tcheck | Ttotal | Status | Flags |
---|---|---|---|---|---|---|
r-devel-linux-x86_64-debian-clang | 1.17.1 | 9.12 | 54.07 | 63.19 | OK | |
r-devel-linux-x86_64-debian-gcc | 1.17.1 | 7.09 | 40.53 | 47.62 | OK | |
r-devel-linux-x86_64-fedora-clang | 1.17.1 | 80.59 | OK | |||
r-devel-linux-x86_64-fedora-gcc | 1.17.1 | 73.79 | OK | |||
r-devel-windows-ix86+x86_64 | 1.17.1 | 33.00 | 99.00 | 132.00 | WARN | |
r-patched-linux-x86_64 | 1.17.1 | 9.20 | 51.13 | 60.33 | OK | |
r-patched-solaris-x86 | 1.17.1 | 102.20 | OK | |||
r-release-linux-x86_64 | 1.17.1 | 9.83 | 50.98 | 60.81 | OK | |
r-release-windows-ix86+x86_64 | 1.17.1 | 35.00 | 96.00 | 131.00 | WARN | |
r-release-osx-x86_64 | 1.17.1 | OK | ||||
r-oldrel-windows-ix86+x86_64 | 1.17.1 | 26.00 | 91.00 | 117.00 | OK | |
r-oldrel-osx-x86_64 | 1.17.1 | OK |
Version: 1.17.1
Check: whether package can be installed
Result: WARN
Found the following significant warnings:
congruRand.c:180:3: warning: ISO C does not support the 'I64' ms_scanf length modifier [-Wformat=]
congruRand.c:187:2: warning: ISO C does not support the 'I64' ms_scanf length modifier [-Wformat=]
congruRand.c:188:2: warning: ISO C does not support the 'I64' ms_scanf length modifier [-Wformat=]
congruRand.c:189:2: warning: ISO C does not support the 'I64' ms_scanf length modifier [-Wformat=]
Flavors: r-devel-windows-ix86+x86_64, r-release-windows-ix86+x86_64