CRAN Package Check Results for Package ranger

Last updated on 2018-06-20 01:50:27 CEST.

Flavor Version Tinstall Tcheck Ttotal Status Flags
r-devel-linux-x86_64-debian-clang 0.10.1 86.23 105.05 191.28 OK
r-devel-linux-x86_64-debian-gcc 0.10.1 71.31 83.16 154.47 OK
r-devel-linux-x86_64-fedora-clang 0.10.1 249.66 NOTE
r-devel-linux-x86_64-fedora-gcc 0.10.1 235.60 OK
r-devel-windows-ix86+x86_64 0.10.1 242.00 135.00 377.00 OK
r-patched-linux-x86_64 0.10.1 85.59 91.52 177.11 OK
r-patched-solaris-x86 0.10.1 719.30 OK
r-release-linux-x86_64 0.10.1 88.87 90.68 179.55 OK
r-release-windows-ix86+x86_64 0.10.1 183.00 184.00 367.00 OK
r-release-osx-x86_64 0.10.1 NOTE
r-oldrel-windows-ix86+x86_64 0.10.1 239.00 139.00 378.00 OK
r-oldrel-osx-x86_64 0.10.1 NOTE

Check Details

Version: 0.10.1
Check: installed package size
Result: NOTE
     installed size is 7.6Mb
     sub-directories of 1Mb or more:
     libs 7.4Mb
Flavors: r-devel-linux-x86_64-fedora-clang, r-release-osx-x86_64, r-oldrel-osx-x86_64