CRAN Package Check Results for Package rbi

Last updated on 2018-06-20 01:50:28 CEST.

Flavor Version Tinstall Tcheck Ttotal Status Flags
r-devel-linux-x86_64-debian-clang 0.9.1 3.93 33.45 37.38 OK --no-examples --no-tests --no-vignettes
r-devel-linux-x86_64-debian-gcc 0.9.1 3.49 25.96 29.45 OK --no-examples --no-tests --no-vignettes
r-devel-linux-x86_64-fedora-clang 0.9.1 44.38 NOTE --no-examples --no-tests --no-vignettes
r-devel-linux-x86_64-fedora-gcc 0.9.1 41.82 NOTE --no-examples --no-tests --no-vignettes
r-devel-windows-ix86+x86_64 0.9.1 8.00 60.00 68.00 OK
r-patched-linux-x86_64 0.9.1 3.35 31.47 34.82 OK --no-examples --no-tests --no-vignettes
r-release-linux-x86_64 0.9.1 2.73 30.89 33.62 OK --no-examples --no-tests --no-vignettes
r-release-windows-ix86+x86_64 0.9.1 7.00 79.00 86.00 OK
r-release-osx-x86_64 0.9.1 NOTE
r-oldrel-windows-ix86+x86_64 0.9.1 3.00 74.00 77.00 OK
r-oldrel-osx-x86_64 0.9.1 NOTE

Check Details

Version: 0.9.1
Flags: --no-examples --no-tests --no-vignettes
Check: dependencies in R code
Result: NOTE
    Namespace in Imports field not imported from: ‘reshape2’
     All declared Imports should be used.
Flavors: r-devel-linux-x86_64-fedora-clang, r-devel-linux-x86_64-fedora-gcc

Version: 0.9.1
Check: dependencies in R code
Result: NOTE
    Namespace in Imports field not imported from: ‘reshape2’
     All declared Imports should be used.
Flavors: r-release-osx-x86_64, r-oldrel-osx-x86_64