Last updated on 2018-06-20 01:50:29 CEST.
Flavor | Version | Tinstall | Tcheck | Ttotal | Status | Flags |
---|---|---|---|---|---|---|
r-devel-linux-x86_64-debian-clang | 0.15.3 | 3.61 | 46.13 | 49.74 | NOTE | |
r-devel-linux-x86_64-debian-gcc | 0.15.3 | 3.07 | 35.93 | 39.00 | NOTE | |
r-devel-linux-x86_64-fedora-clang | 0.15.3 | 58.05 | NOTE | |||
r-devel-linux-x86_64-fedora-gcc | 0.15.3 | 55.63 | NOTE | |||
r-devel-windows-ix86+x86_64 | 0.15.3 | 12.00 | 118.00 | 130.00 | NOTE | |
r-patched-linux-x86_64 | 0.15.3 | 3.72 | 42.96 | 46.68 | NOTE | |
r-patched-solaris-x86 | 0.15.3 | 81.50 | NOTE | |||
r-release-linux-x86_64 | 0.15.3 | 2.75 | 43.04 | 45.79 | NOTE | |
r-release-windows-ix86+x86_64 | 0.15.3 | 9.00 | 103.00 | 112.00 | NOTE | |
r-release-osx-x86_64 | 0.15.3 | NOTE | ||||
r-oldrel-windows-ix86+x86_64 | 0.15.3 | 18.00 | 73.00 | 91.00 | NOTE | |
r-oldrel-osx-x86_64 | 0.15.3 | NOTE |
Version: 0.15.3
Check: R code for possible problems
Result: NOTE
gexf.to.igraph: no visible global function definition for ‘rgb’
igraph.to.gexf: no visible global function definition for ‘col2rgb’
Undefined global functions or variables:
col2rgb rgb
Consider adding
importFrom("grDevices", "col2rgb", "rgb")
to your NAMESPACE file.
Flavors: r-devel-linux-x86_64-debian-clang, r-devel-linux-x86_64-debian-gcc, r-devel-linux-x86_64-fedora-clang, r-devel-linux-x86_64-fedora-gcc, r-devel-windows-ix86+x86_64, r-patched-linux-x86_64, r-patched-solaris-x86, r-release-linux-x86_64, r-release-windows-ix86+x86_64, r-release-osx-x86_64, r-oldrel-windows-ix86+x86_64, r-oldrel-osx-x86_64
Version: 0.15.3
Check: compiled code
Result: NOTE
File ‘rgexf/libs/rgexf.so’:
Found no calls to: ‘R_registerRoutines’, ‘R_useDynamicSymbols’
It is good practice to register native routines and to disable symbol
search.
See ‘Writing portable packages’ in the ‘Writing R Extensions’ manual.
Flavors: r-devel-linux-x86_64-debian-clang, r-devel-linux-x86_64-debian-gcc, r-devel-linux-x86_64-fedora-clang, r-devel-linux-x86_64-fedora-gcc, r-patched-linux-x86_64, r-release-linux-x86_64