Last updated on 2018-06-20 01:50:29 CEST.
Flavor | Version | Tinstall | Tcheck | Ttotal | Status | Flags |
---|---|---|---|---|---|---|
r-devel-linux-x86_64-debian-clang | 1.2 | 18.94 | 41.69 | 60.63 | WARN | |
r-devel-linux-x86_64-debian-gcc | 1.2 | 15.88 | 33.40 | 49.28 | NOTE | |
r-devel-linux-x86_64-fedora-clang | 1.2 | 77.49 | NOTE | |||
r-devel-linux-x86_64-fedora-gcc | 1.2 | 73.59 | NOTE | |||
r-devel-windows-ix86+x86_64 | 1.2 | 48.00 | 98.00 | 146.00 | OK | |
r-patched-linux-x86_64 | 1.2 | 21.64 | 39.00 | 60.64 | NOTE | |
r-patched-solaris-x86 | 1.2 | 92.10 | OK | |||
r-release-linux-x86_64 | 1.2 | 19.79 | 36.72 | 56.51 | NOTE | |
r-release-windows-ix86+x86_64 | 1.2 | 34.00 | 99.00 | 133.00 | OK | |
r-release-osx-x86_64 | 1.2 | OK | ||||
r-oldrel-windows-ix86+x86_64 | 1.2 | 53.00 | 76.00 | 129.00 | OK | |
r-oldrel-osx-x86_64 | 1.2 | OK |
Version: 1.2
Check: whether package can be installed
Result: WARN
Found the following significant warnings:
rivmech_characteristic_v7.cpp:323:14: warning: using integer absolute value function 'abs' when argument is of floating point type [-Wabsolute-value]
Flavor: r-devel-linux-x86_64-debian-clang
Version: 1.2
Check: compiled code
Result: NOTE
File ‘rivr/libs/rivr.so’:
Found no calls to: ‘R_registerRoutines’, ‘R_useDynamicSymbols’
It is good practice to register native routines and to disable symbol
search.
See ‘Writing portable packages’ in the ‘Writing R Extensions’ manual.
Flavors: r-devel-linux-x86_64-debian-clang, r-devel-linux-x86_64-debian-gcc, r-devel-linux-x86_64-fedora-clang, r-devel-linux-x86_64-fedora-gcc, r-patched-linux-x86_64, r-release-linux-x86_64