Last updated on 2018-06-20 01:50:30 CEST.
Flavor | Version | Tinstall | Tcheck | Ttotal | Status | Flags |
---|---|---|---|---|---|---|
r-devel-linux-x86_64-debian-clang | 0.3.0 | 2.81 | 31.78 | 34.59 | OK | |
r-devel-linux-x86_64-debian-gcc | 0.3.0 | 2.38 | 24.91 | 27.29 | OK | |
r-devel-linux-x86_64-fedora-clang | 0.3.0 | 39.34 | NOTE | |||
r-devel-linux-x86_64-fedora-gcc | 0.3.0 | 37.57 | NOTE | |||
r-devel-windows-ix86+x86_64 | 0.3.0 | 8.00 | 42.00 | 50.00 | OK | |
r-patched-linux-x86_64 | 0.3.0 | 2.56 | 28.81 | 31.37 | OK | |
r-patched-solaris-x86 | 0.3.0 | 60.10 | NOTE | |||
r-release-linux-x86_64 | 0.3.0 | 2.64 | 28.32 | 30.96 | OK | |
r-release-windows-ix86+x86_64 | 0.3.0 | 5.00 | 56.00 | 61.00 | OK | |
r-release-osx-x86_64 | 0.3.0 | NOTE | ||||
r-oldrel-windows-ix86+x86_64 | 0.3.0 | 4.00 | 44.00 | 48.00 | OK | |
r-oldrel-osx-x86_64 | 0.3.0 | NOTE |
Version: 0.3.0
Check: dependencies in R code
Result: NOTE
Namespaces in Imports field not imported from:
‘httpuv’ ‘utils’
All declared Imports should be used.
Flavors: r-devel-linux-x86_64-fedora-clang, r-devel-linux-x86_64-fedora-gcc, r-patched-solaris-x86, r-release-osx-x86_64, r-oldrel-osx-x86_64