Last updated on 2018-06-20 01:50:30 CEST.
Flavor | Version | Tinstall | Tcheck | Ttotal | Status | Flags |
---|---|---|---|---|---|---|
r-devel-linux-x86_64-debian-clang | 0.3.9200 | 1.53 | 22.72 | 24.25 | NOTE | |
r-devel-linux-x86_64-debian-gcc | 0.3.9200 | 1.18 | 18.20 | 19.38 | NOTE | |
r-devel-linux-x86_64-fedora-clang | 0.3.9200 | 28.79 | NOTE | |||
r-devel-linux-x86_64-fedora-gcc | 0.3.9200 | 27.16 | NOTE | |||
r-devel-windows-ix86+x86_64 | 0.3.9200 | 4.00 | 49.00 | 53.00 | NOTE | |
r-patched-linux-x86_64 | 0.3.9200 | 1.42 | 21.53 | 22.95 | NOTE | |
r-patched-solaris-x86 | 0.3.9200 | 42.60 | NOTE | |||
r-release-linux-x86_64 | 0.3.9200 | 1.40 | 21.32 | 22.72 | NOTE | |
r-release-windows-ix86+x86_64 | 0.3.9200 | 3.00 | 46.00 | 49.00 | NOTE | |
r-release-osx-x86_64 | 0.3.9200 | NOTE | ||||
r-oldrel-windows-ix86+x86_64 | 0.3.9200 | 6.00 | 33.00 | 39.00 | NOTE | |
r-oldrel-osx-x86_64 | 0.3.9200 | NOTE |
Version: 0.3.9200
Check: R code for possible problems
Result: NOTE
stripslash: no visible global function definition for ‘tail’
Undefined global functions or variables:
tail
Consider adding
importFrom("utils", "tail")
to your NAMESPACE file.
Flavors: r-devel-linux-x86_64-debian-clang, r-devel-linux-x86_64-debian-gcc, r-devel-linux-x86_64-fedora-clang, r-devel-linux-x86_64-fedora-gcc, r-devel-windows-ix86+x86_64, r-patched-linux-x86_64, r-patched-solaris-x86, r-release-linux-x86_64, r-release-windows-ix86+x86_64, r-release-osx-x86_64, r-oldrel-windows-ix86+x86_64, r-oldrel-osx-x86_64
Version: 0.3.9200
Check: package dependencies
Result: NOTE
Package suggested but not available for checking: ‘rgdal’
Flavor: r-oldrel-osx-x86_64