Last updated on 2018-06-20 01:50:30 CEST.
Flavor | Version | Tinstall | Tcheck | Ttotal | Status | Flags |
---|---|---|---|---|---|---|
r-devel-linux-x86_64-debian-clang | 0.5.0 | 3.54 | 41.12 | 44.66 | OK | |
r-devel-linux-x86_64-debian-gcc | 0.5.0 | 2.97 | 32.73 | 35.70 | OK | |
r-devel-linux-x86_64-fedora-clang | 0.5.0 | 52.27 | NOTE | |||
r-devel-linux-x86_64-fedora-gcc | 0.5.0 | 49.81 | NOTE | |||
r-devel-windows-ix86+x86_64 | 0.5.0 | 10.00 | 80.00 | 90.00 | OK | |
r-patched-linux-x86_64 | 0.5.0 | 2.21 | 36.64 | 38.85 | OK | |
r-patched-solaris-x86 | 0.5.0 | 74.00 | NOTE | |||
r-release-linux-x86_64 | 0.5.0 | 2.67 | 35.69 | 38.36 | OK | |
r-release-windows-ix86+x86_64 | 0.5.0 | 5.00 | 68.00 | 73.00 | OK | |
r-release-osx-x86_64 | 0.5.0 | NOTE | ||||
r-oldrel-windows-ix86+x86_64 | 0.5.0 | 6.00 | 47.00 | 53.00 | OK | |
r-oldrel-osx-x86_64 | 0.5.0 | NOTE |
Version: 0.5.0
Check: data for non-ASCII characters
Result: NOTE
Note: found 467 marked UTF-8 strings
Flavors: r-devel-linux-x86_64-fedora-clang, r-devel-linux-x86_64-fedora-gcc, r-patched-solaris-x86, r-release-osx-x86_64, r-oldrel-osx-x86_64