CRAN Package Check Results for Package rstantools

Last updated on 2018-06-20 01:50:30 CEST.

Flavor Version Tinstall Tcheck Ttotal Status Flags
r-devel-linux-x86_64-debian-clang 1.5.0 0.96 34.60 35.56 OK
r-devel-linux-x86_64-debian-gcc 1.5.0 0.97 26.99 27.96 OK
r-devel-linux-x86_64-fedora-clang 1.5.0 38.19 OK
r-devel-linux-x86_64-fedora-gcc 1.5.0 35.87 OK
r-devel-windows-ix86+x86_64 1.5.0 4.00 62.00 66.00 OK
r-patched-linux-x86_64 1.5.0 1.09 32.83 33.92 OK
r-patched-solaris-x86 1.5.0 55.10 WARN
r-release-linux-x86_64 1.5.0 1.03 32.32 33.35 OK
r-release-windows-ix86+x86_64 1.5.0 2.00 54.00 56.00 OK
r-release-osx-x86_64 1.5.0 WARN
r-oldrel-windows-ix86+x86_64 1.5.0 5.00 44.00 49.00 OK
r-oldrel-osx-x86_64 1.5.0 WARN

Check Details

Version: 1.5.0
Check: re-building of vignette outputs
Result: WARN
    Error in re-building vignettes:
     ...
    Warning in engine$weave(file, quiet = quiet, encoding = enc) :
     Pandoc (>= 1.12.3) and/or pandoc-citeproc not available. Falling back to R Markdown v1.
    Warning in engine$weave(file, quiet = quiet, encoding = enc) :
     Pandoc (>= 1.12.3) and/or pandoc-citeproc not available. Falling back to R Markdown v1.
    Quitting from lines 17-22 (minimal-rstan-package.Rmd)
    Error: processing vignette 'minimal-rstan-package.Rmd' failed with diagnostics:
    object 'params' not found
    Execution halted
Flavors: r-patched-solaris-x86, r-release-osx-x86_64, r-oldrel-osx-x86_64