Last updated on 2018-06-20 01:50:30 CEST.
Flavor | Version | Tinstall | Tcheck | Ttotal | Status | Flags |
---|---|---|---|---|---|---|
r-devel-linux-x86_64-debian-clang | 1.3 | 3.93 | 60.25 | 64.18 | OK | |
r-devel-linux-x86_64-debian-gcc | 1.3 | 2.47 | 46.57 | 49.04 | OK | |
r-devel-linux-x86_64-fedora-clang | 1.3 | 74.02 | NOTE | |||
r-devel-linux-x86_64-fedora-gcc | 1.3 | 71.43 | NOTE | |||
r-devel-windows-ix86+x86_64 | 1.3 | 13.00 | 97.00 | 110.00 | OK | |
r-patched-linux-x86_64 | 1.3 | 3.24 | 54.80 | 58.04 | NOTE | |
r-patched-solaris-x86 | 1.3 | 101.90 | NOTE | |||
r-release-linux-x86_64 | 1.3 | 3.05 | 53.50 | 56.55 | NOTE | |
r-release-windows-ix86+x86_64 | 1.3 | 6.00 | 88.00 | 94.00 | OK | |
r-release-osx-x86_64 | 1.3 | NOTE | ||||
r-oldrel-windows-ix86+x86_64 | 1.3 | 9.00 | 70.00 | 79.00 | OK | |
r-oldrel-osx-x86_64 | 1.3 | NOTE |
Version: 1.3
Check: dependencies in R code
Result: NOTE
Namespace in Imports field not imported from: ‘R6’
All declared Imports should be used.
Flavors: r-devel-linux-x86_64-fedora-clang, r-devel-linux-x86_64-fedora-gcc, r-patched-solaris-x86, r-release-osx-x86_64, r-oldrel-osx-x86_64
Version: 1.3
Check: DESCRIPTION meta-information
Result: NOTE
Dependence on R version ‘3.3.1’ not with patchlevel 0
Flavors: r-patched-linux-x86_64, r-release-linux-x86_64