Last updated on 2018-06-20 01:50:31 CEST.
Flavor | Version | Tinstall | Tcheck | Ttotal | Status | Flags |
---|---|---|---|---|---|---|
r-devel-linux-x86_64-debian-clang | 1.4-0 | 76.30 | 278.92 | 355.22 | OK | |
r-devel-linux-x86_64-debian-gcc | 1.4-0 | 66.53 | 207.74 | 274.27 | OK | |
r-devel-linux-x86_64-fedora-clang | 1.4-0 | 433.19 | NOTE | |||
r-devel-linux-x86_64-fedora-gcc | 1.4-0 | 408.97 | OK | |||
r-devel-windows-ix86+x86_64 | 1.4-0 | 155.00 | 284.00 | 439.00 | NOTE | |
r-patched-linux-x86_64 | 1.4-0 | 73.97 | 264.84 | 338.81 | OK | |
r-patched-solaris-x86 | 1.4-0 | 462.30 | NOTE | |||
r-release-linux-x86_64 | 1.4-0 | 78.84 | 265.03 | 343.87 | OK | |
r-release-windows-ix86+x86_64 | 1.4-0 | 124.00 | 377.00 | 501.00 | NOTE | |
r-release-osx-x86_64 | 1.4-0 | NOTE | ||||
r-oldrel-windows-ix86+x86_64 | 1.4-0 | 71.00 | 257.00 | 328.00 | NOTE | |
r-oldrel-osx-x86_64 | 1.4-0 | NOTE |
Version: 1.4-0
Check: installed package size
Result: NOTE
installed size is 7.3Mb
sub-directories of 1Mb or more:
R 2.9Mb
libs 2.0Mb
Flavors: r-devel-linux-x86_64-fedora-clang, r-devel-windows-ix86+x86_64, r-patched-solaris-x86, r-release-windows-ix86+x86_64, r-release-osx-x86_64, r-oldrel-windows-ix86+x86_64, r-oldrel-osx-x86_64