Last updated on 2018-06-20 01:50:34 CEST.
Flavor | Version | Tinstall | Tcheck | Ttotal | Status | Flags |
---|---|---|---|---|---|---|
r-devel-linux-x86_64-debian-clang | 0.22.8 | 53.14 | 81.05 | 134.19 | OK | |
r-devel-linux-x86_64-debian-gcc | 0.22.8 | 45.21 | 59.62 | 104.83 | OK | |
r-devel-linux-x86_64-fedora-clang | 0.22.8 | 167.56 | OK | |||
r-devel-linux-x86_64-fedora-gcc | 0.22.8 | 154.38 | OK | |||
r-devel-windows-ix86+x86_64 | 0.22.8 | 120.00 | 123.00 | 243.00 | NOTE | |
r-patched-linux-x86_64 | 0.22.8 | 53.14 | 72.50 | 125.64 | OK | |
r-patched-solaris-x86 | 0.22.8 | 176.70 | OK | |||
r-release-linux-x86_64 | 0.22.8 | 55.33 | 71.03 | 126.36 | OK | |
r-release-windows-ix86+x86_64 | 0.22.8 | 90.00 | 166.00 | 256.00 | NOTE | |
r-release-osx-x86_64 | 0.22.8 | ERROR | ||||
r-oldrel-windows-ix86+x86_64 | 0.22.8 | 93.00 | 130.00 | 223.00 | OK | |
r-oldrel-osx-x86_64 | 0.22.8 | ERROR |
Version: 0.22.8
Check: installed package size
Result: NOTE
installed size is 5.2Mb
sub-directories of 1Mb or more:
R 1.3Mb
libs 3.5Mb
Flavors: r-devel-windows-ix86+x86_64, r-release-windows-ix86+x86_64
Version: 0.22.8
Check: package dependencies
Result: ERROR
Package required but not available: ‘Rglpk’
See section ‘The DESCRIPTION file’ in the ‘Writing R Extensions’
manual.
Flavors: r-release-osx-x86_64, r-oldrel-osx-x86_64