CRAN Package Check Results for Package selfea

Last updated on 2018-06-20 01:50:34 CEST.

Flavor Version Tinstall Tcheck Ttotal Status Flags
r-devel-linux-x86_64-debian-clang 1.0.1 2.68 47.47 50.15 NOTE
r-devel-linux-x86_64-debian-gcc 1.0.1 2.10 36.55 38.65 NOTE
r-devel-linux-x86_64-fedora-clang 1.0.1 56.85 NOTE
r-devel-linux-x86_64-fedora-gcc 1.0.1 53.74 NOTE
r-devel-windows-ix86+x86_64 1.0.1 8.00 61.00 69.00 NOTE
r-patched-linux-x86_64 1.0.1 2.34 44.62 46.96 NOTE
r-patched-solaris-x86 1.0.1 78.20 NOTE
r-release-linux-x86_64 1.0.1 1.86 44.16 46.02 NOTE
r-release-windows-ix86+x86_64 1.0.1 5.00 83.00 88.00 NOTE
r-release-osx-x86_64 1.0.1 NOTE
r-oldrel-windows-ix86+x86_64 1.0.1 4.00 55.00 59.00 NOTE
r-oldrel-osx-x86_64 1.0.1 NOTE

Check Details

Version: 1.0.1
Check: R code for possible problems
Result: NOTE
    get_statistics_from_file: no visible global function definition for
     ‘read.csv’
    glm_anova: no visible global function definition for ‘aov’
    glm_anova: no visible global function definition for ‘glm’
    glm_anova: no visible global function definition for ‘gaussian’
    glm_anova: no visible global function definition for ‘anova’
    glm_anova: no visible global function definition for ‘quasipoisson’
    glm_anova: no visible global function definition for ‘sd’
    glm_anova: no visible global function definition for ‘p.adjust’
    ttest_cohens_d: no visible global function definition for ‘t.test’
    ttest_cohens_d: no visible global function definition for ‘sd’
    Undefined global functions or variables:
     anova aov gaussian glm p.adjust quasipoisson read.csv sd t.test
    Consider adding
     importFrom("stats", "anova", "aov", "gaussian", "glm", "p.adjust",
     "quasipoisson", "sd", "t.test")
     importFrom("utils", "read.csv")
    to your NAMESPACE file.
Flavors: r-devel-linux-x86_64-debian-clang, r-devel-linux-x86_64-debian-gcc, r-devel-linux-x86_64-fedora-clang, r-devel-linux-x86_64-fedora-gcc, r-devel-windows-ix86+x86_64, r-patched-linux-x86_64, r-patched-solaris-x86, r-release-linux-x86_64, r-release-windows-ix86+x86_64, r-release-osx-x86_64, r-oldrel-windows-ix86+x86_64, r-oldrel-osx-x86_64