Last updated on 2018-06-20 01:50:34 CEST.
Flavor | Version | Tinstall | Tcheck | Ttotal | Status | Flags |
---|---|---|---|---|---|---|
r-devel-linux-x86_64-debian-clang | 0.2.0 | 20.99 | 28.21 | 49.20 | NOTE | |
r-devel-linux-x86_64-debian-gcc | 0.2.0 | 15.63 | 22.42 | 38.05 | NOTE | |
r-devel-linux-x86_64-fedora-clang | 0.2.0 | 68.69 | NOTE | |||
r-devel-linux-x86_64-fedora-gcc | 0.2.0 | 60.07 | NOTE | |||
r-devel-windows-ix86+x86_64 | 0.2.0 | 62.00 | 78.00 | 140.00 | OK | |
r-patched-linux-x86_64 | 0.2.0 | 19.80 | 26.24 | 46.04 | NOTE | |
r-patched-solaris-x86 | 0.2.0 | 73.50 | OK | |||
r-release-linux-x86_64 | 0.2.0 | 20.50 | 26.31 | 46.81 | NOTE | |
r-release-windows-ix86+x86_64 | 0.2.0 | 44.00 | 71.00 | 115.00 | OK | |
r-release-osx-x86_64 | 0.2.0 | OK | ||||
r-oldrel-windows-ix86+x86_64 | 0.2.0 | 69.00 | 49.00 | 118.00 | OK | |
r-oldrel-osx-x86_64 | 0.2.0 | OK |
Version: 0.2.0
Check: compiled code
Result: NOTE
File ‘semver/libs/semver.so’:
Found no calls to: ‘R_registerRoutines’, ‘R_useDynamicSymbols’
It is good practice to register native routines and to disable symbol
search.
See ‘Writing portable packages’ in the ‘Writing R Extensions’ manual.
Flavors: r-devel-linux-x86_64-debian-clang, r-devel-linux-x86_64-debian-gcc, r-devel-linux-x86_64-fedora-clang, r-devel-linux-x86_64-fedora-gcc, r-patched-linux-x86_64, r-release-linux-x86_64