Last updated on 2018-06-20 01:50:34 CEST.
Flavor | Version | Tinstall | Tcheck | Ttotal | Status | Flags |
---|---|---|---|---|---|---|
r-devel-linux-x86_64-debian-clang | 2.3.2 | 4.57 | 76.71 | 81.28 | OK | |
r-devel-linux-x86_64-debian-gcc | 2.3.2 | 4.86 | 49.50 | 54.36 | OK | |
r-devel-linux-x86_64-fedora-clang | 2.3.2 | 87.50 | OK | |||
r-devel-linux-x86_64-fedora-gcc | 2.3.2 | 78.12 | OK | |||
r-devel-windows-ix86+x86_64 | 2.3.2 | 14.00 | 64.00 | 78.00 | OK | |
r-patched-linux-x86_64 | 2.3.2 | 5.82 | 61.51 | 67.33 | OK | |
r-patched-solaris-x86 | 2.3.2 | 103.90 | OK | |||
r-release-linux-x86_64 | 2.3.2 | 6.16 | 61.39 | 67.55 | OK | |
r-release-windows-ix86+x86_64 | 2.3.2 | 10.00 | 90.00 | 100.00 | OK | |
r-release-osx-x86_64 | 2.3.2 | OK | ||||
r-oldrel-windows-ix86+x86_64 | 2.3.2 | 9.00 | 60.00 | 69.00 | OK | |
r-oldrel-osx-x86_64 | 2.2.3 | NOTE |
Version: 2.2.3
Check: dependencies in R code
Result: NOTE
Namespace in Imports field not imported from: ‘lexicon’
All declared Imports should be used.
Flavor: r-oldrel-osx-x86_64