CRAN Package Check Results for Package seqHMM

Last updated on 2018-06-20 01:50:34 CEST.

Flavor Version Tinstall Tcheck Ttotal Status Flags
r-devel-linux-x86_64-debian-clang 1.0.8-1 330.34 486.45 816.79 OK
r-devel-linux-x86_64-debian-gcc 1.0.8-1 292.95 367.01 659.96 OK
r-devel-linux-x86_64-fedora-clang 1.0.8-1 1167.87 NOTE
r-devel-linux-x86_64-fedora-gcc 1.0.8-1 1100.40 OK
r-devel-windows-ix86+x86_64 1.0.8-1 973.00 677.00 1650.00 NOTE
r-patched-linux-x86_64 1.0.8-1 362.59 447.43 810.02 OK
r-patched-solaris-x86 1.0.8-1 1132.60 NOTE
r-release-linux-x86_64 1.0.8-1 347.38 459.61 806.99 OK
r-release-windows-ix86+x86_64 1.0.8-1 715.00 649.00 1364.00 NOTE
r-release-osx-x86_64 1.0.8-1 NOTE
r-oldrel-windows-ix86+x86_64 1.0.8-1 695.00 527.00 1222.00 NOTE
r-oldrel-osx-x86_64 1.0.8 NOTE

Check Details

Version: 1.0.8-1
Check: installed package size
Result: NOTE
     installed size is 19.4Mb
     sub-directories of 1Mb or more:
     doc 6.1Mb
     libs 12.5Mb
Flavors: r-devel-linux-x86_64-fedora-clang, r-devel-windows-ix86+x86_64, r-patched-solaris-x86, r-release-windows-ix86+x86_64, r-release-osx-x86_64, r-oldrel-windows-ix86+x86_64

Version: 1.0.8
Check: installed package size
Result: NOTE
     installed size is 12.7Mb
     sub-directories of 1Mb or more:
     doc 6.0Mb
     libs 6.1Mb
Flavor: r-oldrel-osx-x86_64