Last updated on 2018-06-20 01:50:34 CEST.
Flavor | Version | Tinstall | Tcheck | Ttotal | Status | Flags |
---|---|---|---|---|---|---|
r-devel-linux-x86_64-debian-clang | 0.6-3 | 132.70 | 218.06 | 350.76 | OK | |
r-devel-linux-x86_64-debian-gcc | 0.6-3 | 107.83 | 177.17 | 285.00 | OK | |
r-devel-linux-x86_64-fedora-clang | 0.6-3 | 339.91 | NOTE | |||
r-devel-linux-x86_64-fedora-gcc | 0.6-3 | 429.68 | OK | |||
r-devel-windows-ix86+x86_64 | 0.6-3 | 442.00 | 800.00 | 1242.00 | NOTE | |
r-patched-linux-x86_64 | 0.6-3 | 133.57 | 201.35 | 334.92 | OK | |
r-patched-solaris-x86 | 0.6-3 | 478.20 | WARN | |||
r-release-linux-x86_64 | 0.6-3 | 140.43 | 198.75 | 339.18 | OK | |
r-release-windows-ix86+x86_64 | 0.6-3 | 313.00 | 570.00 | 883.00 | NOTE | |
r-release-osx-x86_64 | 0.6-3 | WARN | ||||
r-oldrel-windows-ix86+x86_64 | 0.6-3 | 423.00 | 627.00 | 1050.00 | NOTE | |
r-oldrel-osx-x86_64 | 0.6-3 | WARN |
Version: 0.6-3
Check: installed package size
Result: NOTE
installed size is 21.1Mb
sub-directories of 1Mb or more:
doc 10.8Mb
libs 6.1Mb
sqlite 1.5Mb
Flavors: r-devel-linux-x86_64-fedora-clang, r-devel-windows-ix86+x86_64, r-patched-solaris-x86, r-release-windows-ix86+x86_64, r-release-osx-x86_64, r-oldrel-windows-ix86+x86_64, r-oldrel-osx-x86_64
Version: 0.6-3
Check: package dependencies
Result: NOTE
Package suggested but not available for checking: ‘RPostgres’
Flavor: r-patched-solaris-x86
Version: 0.6-3
Check: re-building of vignette outputs
Result: WARN
Error in re-building vignettes:
...
Warning in engine$weave(file, quiet = quiet, encoding = enc) :
Pandoc (>= 1.12.3) and/or pandoc-citeproc not available. Falling back to R Markdown v1.
Warning in engine$weave(file, quiet = quiet, encoding = enc) :
Pandoc (>= 1.12.3) and/or pandoc-citeproc not available. Falling back to R Markdown v1.
Warning in engine$weave(file, quiet = quiet, encoding = enc) :
Pandoc (>= 1.12.3) and/or pandoc-citeproc not available. Falling back to R Markdown v1.
Warning in engine$weave(file, quiet = quiet, encoding = enc) :
Pandoc (>= 1.12.3) and/or pandoc-citeproc not available. Falling back to R Markdown v1.
Warning in engine$weave(file, quiet = quiet, encoding = enc) :
Pandoc (>= 1.12.3) and/or pandoc-citeproc not available. Falling back to R Markdown v1.
Quitting from lines 195-198 (sf5.Rmd)
Error: processing vignette 'sf5.Rmd' failed with diagnostics:
cannot open the connection
Execution halted
Flavors: r-patched-solaris-x86, r-release-osx-x86_64, r-oldrel-osx-x86_64