CRAN Package Check Results for Package sharpshootR

Last updated on 2018-06-20 01:50:34 CEST.

Flavor Version Tinstall Tcheck Ttotal Status Flags
r-devel-linux-x86_64-debian-clang 1.0 10.36 128.80 139.16 OK
r-devel-linux-x86_64-debian-gcc 1.0 7.68 100.23 107.91 OK
r-devel-linux-x86_64-fedora-clang 1.0 163.09 OK
r-devel-linux-x86_64-fedora-gcc 1.0 154.84 OK
r-devel-windows-ix86+x86_64 1.0 29.00 182.00 211.00 OK
r-patched-linux-x86_64 1.0 10.55 106.23 116.78 OK
r-patched-solaris-x86 1.0 214.30 OK
r-release-linux-x86_64 1.0 7.77 104.84 112.61 OK
r-release-windows-ix86+x86_64 1.0 16.00 163.00 179.00 OK
r-release-osx-x86_64 1.0 OK
r-oldrel-windows-ix86+x86_64 1.0 16.00 122.00 138.00 OK
r-oldrel-osx-x86_64 1.0 NOTE

Check Details

Version: 1.0
Check: package dependencies
Result: NOTE
    Packages suggested but not available for checking: ‘rgdal’ ‘rgeos’
Flavor: r-oldrel-osx-x86_64