Last updated on 2018-06-20 01:50:34 CEST.
Flavor | Version | Tinstall | Tcheck | Ttotal | Status | Flags |
---|---|---|---|---|---|---|
r-devel-linux-x86_64-debian-clang | 1.0.5 | 1.02 | 18.16 | 19.18 | OK | |
r-devel-linux-x86_64-debian-gcc | 1.0.5 | 0.81 | 14.26 | 15.07 | OK | |
r-devel-linux-x86_64-fedora-clang | 1.0.5 | 21.87 | NOTE | |||
r-devel-linux-x86_64-fedora-gcc | 1.0.5 | 20.61 | NOTE | |||
r-devel-windows-ix86+x86_64 | 1.0.5 | 4.00 | 39.00 | 43.00 | OK | |
r-patched-linux-x86_64 | 1.0.5 | 0.83 | 16.57 | 17.40 | OK | |
r-patched-solaris-x86 | 1.0.5 | 34.20 | NOTE | |||
r-release-linux-x86_64 | 1.0.5 | 0.73 | 16.34 | 17.07 | OK | |
r-release-windows-ix86+x86_64 | 1.0.5 | 3.00 | 38.00 | 41.00 | OK | |
r-release-osx-x86_64 | 1.0.5 | NOTE | ||||
r-oldrel-windows-ix86+x86_64 | 1.0.5 | 2.00 | 29.00 | 31.00 | OK | |
r-oldrel-osx-x86_64 | 1.0.5 | NOTE |
Version: 1.0.5
Check: dependencies in R code
Result: NOTE
Namespaces in Imports field not imported from:
‘KGode’ ‘XML’ ‘ggplot2’ ‘gridExtra’ ‘mvtnorm’ ‘reshape2’ ‘shinyjs’
All declared Imports should be used.
Flavors: r-devel-linux-x86_64-fedora-clang, r-devel-linux-x86_64-fedora-gcc, r-patched-solaris-x86, r-release-osx-x86_64, r-oldrel-osx-x86_64