Last updated on 2018-06-20 01:50:34 CEST.
Flavor | Version | Tinstall | Tcheck | Ttotal | Status | Flags |
---|---|---|---|---|---|---|
r-devel-linux-x86_64-debian-clang | 1.0.1 | 1.05 | 20.62 | 21.67 | OK | |
r-devel-linux-x86_64-debian-gcc | 1.0.1 | 0.85 | 16.21 | 17.06 | OK | |
r-devel-linux-x86_64-fedora-clang | 1.0.1 | 25.18 | NOTE | |||
r-devel-linux-x86_64-fedora-gcc | 1.0.1 | 23.73 | NOTE | |||
r-devel-windows-ix86+x86_64 | 1.0.1 | 4.00 | 43.00 | 47.00 | OK | |
r-patched-linux-x86_64 | 1.0.1 | 0.75 | 18.71 | 19.46 | OK | |
r-patched-solaris-x86 | 1.0.1 | 36.60 | NOTE | |||
r-release-linux-x86_64 | 1.0.1 | 1.06 | 18.66 | 19.72 | OK | |
r-release-windows-ix86+x86_64 | 1.0.1 | 3.00 | 43.00 | 46.00 | OK | |
r-release-osx-x86_64 | 1.0.1 | NOTE | ||||
r-oldrel-windows-ix86+x86_64 | 1.0.1 | 3.00 | 32.00 | 35.00 | OK | |
r-oldrel-osx-x86_64 | 1.0.1 | NOTE |
Version: 1.0.1
Check: dependencies in R code
Result: NOTE
Namespace in Imports field not imported from: ‘shiny’
All declared Imports should be used.
Flavors: r-devel-linux-x86_64-fedora-clang, r-devel-linux-x86_64-fedora-gcc, r-patched-solaris-x86, r-release-osx-x86_64, r-oldrel-osx-x86_64