Last updated on 2018-06-20 01:50:34 CEST.
Flavor | Version | Tinstall | Tcheck | Ttotal | Status | Flags |
---|---|---|---|---|---|---|
r-devel-linux-x86_64-debian-clang | 0.1.20 | 3.77 | 40.53 | 44.30 | OK | |
r-devel-linux-x86_64-debian-gcc | 0.1.20 | 4.03 | 31.62 | 35.65 | OK | |
r-devel-linux-x86_64-fedora-clang | 0.1.20 | 53.75 | NOTE | |||
r-devel-linux-x86_64-fedora-gcc | 0.1.20 | 50.62 | NOTE | |||
r-devel-windows-ix86+x86_64 | 0.1.20 | 10.00 | 67.00 | 77.00 | OK | |
r-patched-linux-x86_64 | 0.1.20 | 4.85 | 37.71 | 42.56 | OK | |
r-patched-solaris-x86 | 0.1.20 | 70.80 | NOTE | |||
r-release-linux-x86_64 | 0.1.20 | 5.44 | 37.57 | 43.01 | OK | |
r-release-windows-ix86+x86_64 | 0.1.20 | 7.00 | 64.00 | 71.00 | OK | |
r-release-osx-x86_64 | 0.1.20 | NOTE | ||||
r-oldrel-windows-ix86+x86_64 | 0.1.20 | 4.00 | 48.00 | 52.00 | OK | |
r-oldrel-osx-x86_64 | 0.1.14 | NOTE |
Version: 0.1.20
Check: dependencies in R code
Result: NOTE
Namespaces in Imports field not imported from:
‘KernSmooth’ ‘MASS’ ‘class’ ‘cluster’ ‘lattice’ ‘nnet’
All declared Imports should be used.
Flavors: r-devel-linux-x86_64-fedora-clang, r-devel-linux-x86_64-fedora-gcc, r-patched-solaris-x86, r-release-osx-x86_64
Version: 0.1.14
Check: dependencies in R code
Result: NOTE
Namespaces in Imports field not imported from:
‘KernSmooth’ ‘MASS’ ‘class’ ‘cluster’ ‘lattice’ ‘nnet’
All declared Imports should be used.
Flavor: r-oldrel-osx-x86_64