CRAN Package Check Results for Package som

Last updated on 2018-06-20 01:50:35 CEST.

Flavor Version Tinstall Tcheck Ttotal Status Flags
r-devel-linux-x86_64-debian-clang 0.3-5.1 3.75 20.82 24.57 NOTE
r-devel-linux-x86_64-debian-gcc 0.3-5.1 2.64 16.48 19.12 NOTE
r-devel-linux-x86_64-fedora-clang 0.3-5.1 31.03 NOTE
r-devel-linux-x86_64-fedora-gcc 0.3-5.1 27.59 NOTE
r-devel-windows-ix86+x86_64 0.3-5.1 12.00 47.00 59.00 OK
r-patched-linux-x86_64 0.3-5.1 3.34 19.67 23.01 NOTE
r-patched-solaris-x86 0.3-5.1 47.70 OK
r-release-linux-x86_64 0.3-5.1 2.90 19.54 22.44 NOTE
r-release-windows-ix86+x86_64 0.3-5.1 12.00 43.00 55.00 OK
r-release-osx-x86_64 0.3-5.1 OK
r-oldrel-windows-ix86+x86_64 0.3-5.1 9.00 43.00 52.00 OK
r-oldrel-osx-x86_64 0.3-5.1 OK

Check Details

Version: 0.3-5.1
Check: compiled code
Result: NOTE
    File ‘som/libs/som.so’:
     Found no calls to: ‘R_registerRoutines’, ‘R_useDynamicSymbols’
    
    It is good practice to register native routines and to disable symbol
    search.
    
    See ‘Writing portable packages’ in the ‘Writing R Extensions’ manual.
Flavors: r-devel-linux-x86_64-debian-clang, r-devel-linux-x86_64-debian-gcc, r-devel-linux-x86_64-fedora-clang, r-devel-linux-x86_64-fedora-gcc, r-patched-linux-x86_64, r-release-linux-x86_64