Last updated on 2018-06-20 01:50:36 CEST.
Flavor | Version | Tinstall | Tcheck | Ttotal | Status | Flags |
---|---|---|---|---|---|---|
r-devel-linux-x86_64-debian-clang | 1.1-1 | 2.17 | 30.35 | 32.52 | NOTE | |
r-devel-linux-x86_64-debian-gcc | 1.1-1 | 1.89 | 23.71 | 25.60 | NOTE | |
r-devel-linux-x86_64-fedora-clang | 1.1-1 | 39.27 | NOTE | |||
r-devel-linux-x86_64-fedora-gcc | 1.1-1 | 36.91 | NOTE | |||
r-devel-windows-ix86+x86_64 | 1.1-1 | 9.00 | 41.00 | 50.00 | NOTE | |
r-patched-linux-x86_64 | 1.1-1 | 2.17 | 29.18 | 31.35 | NOTE | |
r-patched-solaris-x86 | 1.1-1 | 51.60 | NOTE | |||
r-release-linux-x86_64 | 1.1-1 | 2.06 | 28.49 | 30.55 | NOTE | |
r-release-windows-ix86+x86_64 | 1.1-1 | 6.00 | 50.00 | 56.00 | NOTE | |
r-release-osx-x86_64 | 1.1-1 | NOTE | ||||
r-oldrel-windows-ix86+x86_64 | 1.1-1 | 10.00 | 42.00 | 52.00 | NOTE | |
r-oldrel-osx-x86_64 | 1.1-1 | NOTE |
Version: 1.1-1
Check: R code for possible problems
Result: NOTE
genericPlot: no visible global function definition for ‘dev.new’
genericPlot: no visible global function definition for ‘par’
genericPlot: no visible global function definition for ‘rainbow’
genericPlot: no visible global function definition for ‘plot’
genericPlot: no visible global function definition for ‘lines’
genericPlot: no visible global function definition for ‘legend’
genericPlot: no visible global function definition for ‘dev.copy2pdf’
genericPlot: no visible global function definition for ‘dev.copy2eps’
genericPlot: no visible global function definition for ‘dev.print’
genericPlot: no visible binding for global variable ‘png’
genericPlot: no visible binding for global variable ‘tiff’
plotStrains: no visible global function definition for ‘rainbow’
plotStrains: no visible global function definition for ‘dev.new’
plotStrains: no visible global function definition for ‘par’
plotStrains: no visible global function definition for ‘plot’
plotStrains: no visible global function definition for ‘lines’
plotStrains: no visible global function definition for ‘legend’
plotStrains: no visible global function definition for ‘dev.copy2pdf’
plotStrains: no visible global function definition for ‘dev.copy2eps’
plotStrains: no visible global function definition for ‘dev.print’
plotStrains: no visible binding for global variable ‘png’
plotStrains: no visible binding for global variable ‘tiff’
Undefined global functions or variables:
dev.copy2eps dev.copy2pdf dev.new dev.print legend lines par plot png
rainbow tiff
Consider adding
importFrom("grDevices", "dev.copy2eps", "dev.copy2pdf", "dev.new",
"dev.print", "png", "rainbow", "tiff")
importFrom("graphics", "legend", "lines", "par", "plot")
to your NAMESPACE file.
Flavors: r-devel-linux-x86_64-debian-clang, r-devel-linux-x86_64-debian-gcc, r-devel-linux-x86_64-fedora-clang, r-devel-linux-x86_64-fedora-gcc, r-devel-windows-ix86+x86_64, r-patched-linux-x86_64, r-patched-solaris-x86, r-release-linux-x86_64, r-release-windows-ix86+x86_64, r-release-osx-x86_64, r-oldrel-windows-ix86+x86_64, r-oldrel-osx-x86_64