CRAN Package Check Results for Package stlplus

Last updated on 2018-06-20 01:50:37 CEST.

Flavor Version Tinstall Tcheck Ttotal Status Flags
r-devel-linux-x86_64-debian-clang 0.5.1 24.18 34.91 59.09 NOTE
r-devel-linux-x86_64-debian-gcc 0.5.1 19.24 27.71 46.95 NOTE
r-devel-linux-x86_64-fedora-clang 0.5.1 76.31 NOTE
r-devel-linux-x86_64-fedora-gcc 0.5.1 67.64 NOTE
r-devel-windows-ix86+x86_64 0.5.1 66.00 69.00 135.00 OK
r-patched-linux-x86_64 0.5.1 24.58 32.50 57.08 NOTE
r-patched-solaris-x86 0.5.1 89.40 OK
r-release-linux-x86_64 0.5.1 25.40 31.94 57.34 NOTE
r-release-windows-ix86+x86_64 0.5.1 53.00 96.00 149.00 OK
r-release-osx-x86_64 0.5.1 OK
r-oldrel-windows-ix86+x86_64 0.5.1 62.00 77.00 139.00 OK
r-oldrel-osx-x86_64 0.5.1 OK

Check Details

Version: 0.5.1
Check: compiled code
Result: NOTE
    File ‘stlplus/libs/stlplus.so’:
     Found no calls to: ‘R_registerRoutines’, ‘R_useDynamicSymbols’
    
    It is good practice to register native routines and to disable symbol
    search.
    
    See ‘Writing portable packages’ in the ‘Writing R Extensions’ manual.
Flavors: r-devel-linux-x86_64-debian-clang, r-devel-linux-x86_64-debian-gcc, r-devel-linux-x86_64-fedora-clang, r-devel-linux-x86_64-fedora-gcc, r-patched-linux-x86_64, r-release-linux-x86_64