Last updated on 2018-06-20 01:50:37 CEST.
Flavor | Version | Tinstall | Tcheck | Ttotal | Status | Flags |
---|---|---|---|---|---|---|
r-devel-linux-x86_64-debian-clang | 0.2.5 | 30.47 | 203.64 | 234.11 | OK | |
r-devel-linux-x86_64-debian-gcc | 0.2.5 | 31.91 | 162.33 | 194.24 | OK | |
r-devel-linux-x86_64-fedora-clang | 0.2.5 | 290.72 | OK | |||
r-devel-linux-x86_64-fedora-gcc | 0.2.5 | 280.99 | OK | |||
r-devel-windows-ix86+x86_64 | 0.2.5 | 114.00 | 397.00 | 511.00 | OK | |
r-patched-linux-x86_64 | 0.2.5 | 34.38 | 186.19 | 220.57 | OK | |
r-patched-solaris-x86 | 0.2.5 | 431.10 | OK | |||
r-release-linux-x86_64 | 0.2.5 | 34.91 | 183.26 | 218.17 | OK | |
r-release-windows-ix86+x86_64 | 0.2.5 | 79.00 | 370.00 | 449.00 | OK | |
r-release-osx-x86_64 | 0.2.5 | OK | ||||
r-oldrel-windows-ix86+x86_64 | 0.2.5 | 76.00 | 290.00 | 366.00 | OK | |
r-oldrel-osx-x86_64 | 0.2.3 | WARN |
Version: 0.2.3
Check: dependencies in R code
Result: NOTE
Namespace in Imports field not imported from: ‘lwgeom’
All declared Imports should be used.
Flavor: r-oldrel-osx-x86_64
Version: 0.2.3
Check: re-building of vignette outputs
Result: WARN
Error in re-building vignettes:
...
Warning in engine$weave(file, quiet = quiet, encoding = enc) :
Pandoc (>= 1.12.3) and/or pandoc-citeproc not available. Falling back to R Markdown v1.
Quitting from lines 111-114 (introducing-stplanr.Rmd)
Error: processing vignette 'introducing-stplanr.Rmd' failed with diagnostics:
cannot open the connection
Execution halted
Flavor: r-oldrel-osx-x86_64