Last updated on 2018-06-20 01:50:37 CEST.
Flavor | Version | Tinstall | Tcheck | Ttotal | Status | Flags |
---|---|---|---|---|---|---|
r-devel-linux-x86_64-debian-clang | 1.0.0 | 2.49 | 35.35 | 37.84 | NOTE | |
r-devel-linux-x86_64-debian-gcc | 1.0.0 | 1.99 | 27.97 | 29.96 | NOTE | |
r-devel-linux-x86_64-fedora-clang | 1.0.0 | 44.04 | NOTE | |||
r-devel-linux-x86_64-fedora-gcc | 1.0.0 | 41.56 | NOTE | |||
r-devel-windows-ix86+x86_64 | 1.0.0 | 7.00 | 45.00 | 52.00 | NOTE | |
r-patched-linux-x86_64 | 1.0.0 | 2.20 | 32.36 | 34.56 | NOTE | |
r-patched-solaris-x86 | 1.0.0 | 67.10 | NOTE | |||
r-release-linux-x86_64 | 1.0.0 | 2.37 | 31.80 | 34.17 | NOTE | |
r-release-windows-ix86+x86_64 | 1.0.0 | 4.00 | 62.00 | 66.00 | NOTE | |
r-release-osx-x86_64 | 1.0.0 | NOTE | ||||
r-oldrel-windows-ix86+x86_64 | 1.0.0 | 6.00 | 46.00 | 52.00 | NOTE | |
r-oldrel-osx-x86_64 | 1.0.0 | NOTE |
Version: 1.0.0
Check: DESCRIPTION meta-information
Result: NOTE
Malformed Title field: should not end in a period.
Flavors: r-devel-linux-x86_64-debian-clang, r-devel-linux-x86_64-debian-gcc, r-devel-linux-x86_64-fedora-clang, r-devel-linux-x86_64-fedora-gcc, r-devel-windows-ix86+x86_64, r-patched-linux-x86_64, r-patched-solaris-x86, r-release-linux-x86_64, r-release-windows-ix86+x86_64, r-release-osx-x86_64, r-oldrel-windows-ix86+x86_64, r-oldrel-osx-x86_64