Last updated on 2018-06-20 01:50:37 CEST.
Flavor | Version | Tinstall | Tcheck | Ttotal | Status | Flags |
---|---|---|---|---|---|---|
r-devel-linux-x86_64-debian-clang | 1.1 | 7.48 | 100.77 | 108.25 | NOTE | |
r-devel-linux-x86_64-debian-gcc | 1.1 | 7.44 | 79.54 | 86.98 | NOTE | |
r-devel-linux-x86_64-fedora-clang | 1.1 | 132.19 | NOTE | |||
r-devel-linux-x86_64-fedora-gcc | 1.1 | 128.54 | NOTE | |||
r-devel-windows-ix86+x86_64 | 1.1 | 27.00 | 149.00 | 176.00 | NOTE | |
r-patched-linux-x86_64 | 1.1 | 7.23 | 83.00 | 90.23 | NOTE | |
r-patched-solaris-x86 | 1.1 | 167.00 | NOTE | |||
r-release-linux-x86_64 | 1.1 | 7.33 | 84.05 | 91.38 | NOTE | |
r-release-windows-ix86+x86_64 | 1.1 | 13.00 | 133.00 | 146.00 | NOTE | |
r-release-osx-x86_64 | 1.1 | NOTE | ||||
r-oldrel-windows-ix86+x86_64 | 1.1 | 10.00 | 88.00 | 98.00 | NOTE | |
r-oldrel-osx-x86_64 | 1.1 | NOTE |
Version: 1.1
Check: R code for possible problems
Result: NOTE
HCLtree: no visible global function definition for ‘hclust’
HCLtree: no visible global function definition for ‘as.dist’
plotProfilesAcrossAllSamples: no visible global function definition for
‘matplot’
plotProfilesAcrossAllSamples: no visible global function definition for
‘matlines’
plotProfilesAcrossAllSamples: no visible global function definition for
‘axis’
plotProfilesAcrossAllSamples: no visible global function definition for
‘box’
plotProfilesWithinBicluster: no visible global function definition for
‘matplot’
plotProfilesWithinBicluster: no visible global function definition for
‘title’
plotProfilesWithinBicluster: no visible global function definition for
‘axis’
plotProfilesWithinBicluster: no visible global function definition for
‘par’
plotProfilesWithinBicluster: no visible global function definition for
‘box’
plotProfilesWithinBicluster: no visible global function definition for
‘matlines’
plotProfilesWithinBicluster: no visible global function definition for
‘legend’
Undefined global functions or variables:
as.dist axis box hclust legend matlines matplot par title
Consider adding
importFrom("graphics", "axis", "box", "legend", "matlines", "matplot",
"par", "title")
importFrom("stats", "as.dist", "hclust")
to your NAMESPACE file.
Flavors: r-devel-linux-x86_64-debian-clang, r-devel-linux-x86_64-debian-gcc, r-devel-linux-x86_64-fedora-clang, r-devel-linux-x86_64-fedora-gcc, r-devel-windows-ix86+x86_64, r-patched-linux-x86_64, r-patched-solaris-x86, r-release-linux-x86_64, r-release-windows-ix86+x86_64, r-release-osx-x86_64, r-oldrel-windows-ix86+x86_64, r-oldrel-osx-x86_64