Last updated on 2018-06-20 01:50:37 CEST.
Flavor | Version | Tinstall | Tcheck | Ttotal | Status | Flags |
---|---|---|---|---|---|---|
r-devel-linux-x86_64-debian-clang | 1.1.24 | 12.72 | 128.54 | 141.26 | NOTE | |
r-devel-linux-x86_64-debian-gcc | 1.1.24 | 9.46 | 100.44 | 109.90 | NOTE | |
r-devel-linux-x86_64-fedora-clang | 1.1.24 | 166.38 | NOTE | |||
r-devel-linux-x86_64-fedora-gcc | 1.1.24 | 158.69 | NOTE | |||
r-devel-windows-ix86+x86_64 | 1.1.24 | 30.00 | 128.00 | 158.00 | NOTE | |
r-patched-linux-x86_64 | 1.1.24 | 8.75 | 109.31 | 118.06 | NOTE | |
r-patched-solaris-x86 | 1.1.24 | 207.00 | NOTE | |||
r-release-linux-x86_64 | 1.1.24 | 9.79 | 110.09 | 119.88 | NOTE | |
r-release-windows-ix86+x86_64 | 1.1.24 | 20.00 | 191.00 | 211.00 | NOTE | |
r-release-osx-x86_64 | 1.1.24 | NOTE | ||||
r-oldrel-windows-ix86+x86_64 | 1.1.24 | 18.00 | 121.00 | 139.00 | OK | |
r-oldrel-osx-x86_64 | 1.1.24 | WARN |
Version: 1.1.24
Check: files in ‘vignettes’
Result: NOTE
Files named as vignettes but with no recognized vignette engine:
‘vignettes/copulas-concordance.tex’
‘vignettes/surrosurv.tex’
(Is a VignetteBuilder field missing?)
Flavors: r-devel-linux-x86_64-debian-clang, r-devel-linux-x86_64-debian-gcc, r-devel-linux-x86_64-fedora-clang, r-devel-linux-x86_64-fedora-gcc, r-devel-windows-ix86+x86_64, r-patched-linux-x86_64, r-patched-solaris-x86, r-release-linux-x86_64, r-release-windows-ix86+x86_64, r-release-osx-x86_64
Version: 1.1.24
Check: re-building of vignette outputs
Result: WARN
Error in re-building vignettes:
...
Warning in buildVignettes(dir = "/Volumes/SSD-Data/Builds/R-dev-web/QA/Simon/packages/el-capitan-x86_64/results/3.4/surrosurv.Rcheck/vign_test/surrosurv") :
Files named as vignettes but with no recognized vignette engine:
‘vignettes/copulas-concordance.tex’
‘vignettes/surrosurv.tex’
(Is a VignetteBuilder field missing?)
Error in texi2dvi(file = file, pdf = TRUE, clean = clean, quiet = quiet, :
Running 'texi2dvi' on 'copulas.tex' failed.
LaTeX errors:
! LaTeX Error: File `fullpage.sty' not found.
Type X to quit or <RETURN> to proceed,
or enter new name. (Default extension: sty)
! Emergency stop.
<read *>
l.3 \usepackage
{amsmath, natbib, hyperref, doi}^^M
! ==> Fatal error occurred, no output PDF file produced!
Calls: buildVignettes -> texi2pdf -> texi2dvi
Execution halted
Flavor: r-oldrel-osx-x86_64