Last updated on 2018-06-20 01:50:37 CEST.
Flavor | Version | Tinstall | Tcheck | Ttotal | Status | Flags |
---|---|---|---|---|---|---|
r-devel-linux-x86_64-debian-clang | 0.0.1 | 23.84 | 117.52 | 141.36 | NOTE | |
r-devel-linux-x86_64-debian-gcc | 0.0.1 | 22.34 | 88.64 | 110.98 | NOTE | |
r-devel-linux-x86_64-fedora-clang | 0.0.1 | 165.15 | NOTE | |||
r-devel-linux-x86_64-fedora-gcc | 0.0.1 | 160.78 | NOTE | |||
r-devel-windows-ix86+x86_64 | 0.0.1 | 65.00 | 257.00 | 322.00 | OK | |
r-patched-linux-x86_64 | 0.0.1 | 28.50 | 114.27 | 142.77 | NOTE | |
r-patched-solaris-x86 | 0.0.1 | 188.40 | OK | |||
r-release-linux-x86_64 | 0.0.1 | 26.09 | 112.37 | 138.46 | NOTE | |
r-release-windows-ix86+x86_64 | 0.0.1 | 44.00 | 286.00 | 330.00 | OK | |
r-release-osx-x86_64 | 0.0.1 | OK | ||||
r-oldrel-windows-ix86+x86_64 | 0.0.1 | 43.00 | 194.00 | 237.00 | OK | |
r-oldrel-osx-x86_64 | 0.0.1 | OK |
Version: 0.0.1
Check: compiled code
Result: NOTE
File ‘surveybootstrap/libs/surveybootstrap.so’:
Found no calls to: ‘R_registerRoutines’, ‘R_useDynamicSymbols’
It is good practice to register native routines and to disable symbol
search.
See ‘Writing portable packages’ in the ‘Writing R Extensions’ manual.
Flavors: r-devel-linux-x86_64-debian-clang, r-devel-linux-x86_64-debian-gcc, r-devel-linux-x86_64-fedora-clang, r-devel-linux-x86_64-fedora-gcc, r-patched-linux-x86_64, r-release-linux-x86_64