CRAN Package Check Results for Package tabplot

Last updated on 2018-06-20 01:50:37 CEST.

Flavor Version Tinstall Tcheck Ttotal Status Flags
r-devel-linux-x86_64-debian-clang 1.3-1 4.10 143.86 147.96 OK
r-devel-linux-x86_64-debian-gcc 1.3-1 3.39 86.83 90.22 OK
r-devel-linux-x86_64-fedora-clang 1.3-1 175.52 OK
r-devel-linux-x86_64-fedora-gcc 1.3-1 133.88 OK
r-devel-windows-ix86+x86_64 1.3-1 10.00 164.00 174.00 OK
r-patched-linux-x86_64 1.3-1 3.71 110.67 114.38 OK
r-patched-solaris-x86 1.3-1 319.60 ERROR
r-release-linux-x86_64 1.3-1 2.69 111.63 114.32 OK
r-release-windows-ix86+x86_64 1.3-1 6.00 157.00 163.00 OK
r-release-osx-x86_64 1.3-1 OK
r-oldrel-windows-ix86+x86_64 1.3-1 12.00 145.00 157.00 OK
r-oldrel-osx-x86_64 1.3-1 OK

Check Details

Version: 1.3-1
Check: examples
Result: ERROR
    Running examples in ‘tabplot-Ex.R’ failed
    The error most likely occurred in:
    
    > ### Name: -.tabplot
    > ### Title: Compare two tableplots (experimental)
    > ### Aliases: -.tabplot
    >
    > ### ** Examples
    >
    > # load diamonds dataset from ggplot2
    > require(ggplot2)
    Loading required package: ggplot2
    > data(diamonds)
    >
    > # calculate normalized prices to be used as sample probabilities
    > price.norm <- with(diamonds, price / max(diamonds$price))
    >
    > # draw samples
    > exp.diamonds <- diamonds[sample(1:nrow(diamonds), size=10000, prob=price.norm, replace=TRUE),]
    > chp.diamonds <- diamonds[sample(1:nrow(diamonds), size=10000, prob=1-price.norm, replace=TRUE),]
    >
    > tp1 <- tableplot(exp.diamonds)
    > tp2 <- tableplot(chp.diamonds)
    Error in ff(initdata = initdata, length = length, levels = levels, ordered = ordered, :
     write error
    Calls: tableplot ... clone.ffdf -> lapply -> FUN -> clone -> clone.ff -> assign -> ff
    Execution halted
Flavor: r-patched-solaris-x86