Last updated on 2018-06-20 01:50:37 CEST.
Flavor | Version | Tinstall | Tcheck | Ttotal | Status | Flags |
---|---|---|---|---|---|---|
r-devel-linux-x86_64-debian-clang | 0.16.0 | 8.31 | 121.25 | 129.56 | OK | |
r-devel-linux-x86_64-debian-gcc | 0.16.0 | 8.07 | 94.29 | 102.36 | OK | |
r-devel-linux-x86_64-fedora-clang | 0.16.0 | 150.52 | NOTE | |||
r-devel-linux-x86_64-fedora-gcc | 0.16.0 | 145.72 | NOTE | |||
r-devel-windows-ix86+x86_64 | 0.16.0 | 24.00 | 163.00 | 187.00 | OK | |
r-patched-linux-x86_64 | 0.16.0 | 5.79 | 103.23 | 109.02 | OK | |
r-patched-solaris-x86 | 0.16.0 | 202.80 | NOTE | |||
r-release-linux-x86_64 | 0.16.0 | 8.15 | 102.56 | 110.71 | OK | |
r-release-windows-ix86+x86_64 | 0.16.0 | 16.00 | 171.00 | 187.00 | OK | |
r-release-osx-x86_64 | 0.16.0 | NOTE | ||||
r-oldrel-windows-ix86+x86_64 | 0.16.0 | 19.00 | 156.00 | 175.00 | OK | |
r-oldrel-osx-x86_64 | 0.16.0 | NOTE |
Version: 0.16.0
Check: data for non-ASCII characters
Result: NOTE
Note: found 3 marked UTF-8 strings
Flavors: r-devel-linux-x86_64-fedora-clang, r-devel-linux-x86_64-fedora-gcc, r-patched-solaris-x86, r-release-osx-x86_64, r-oldrel-osx-x86_64