Last updated on 2018-06-20 01:50:38 CEST.
Flavor | Version | Tinstall | Tcheck | Ttotal | Status | Flags |
---|---|---|---|---|---|---|
r-devel-linux-x86_64-debian-clang | 0.1.0 | 16.43 | 358.06 | 374.49 | NOTE | |
r-devel-linux-x86_64-debian-gcc | 0.1.0 | 14.47 | 277.91 | 292.38 | NOTE | |
r-devel-linux-x86_64-fedora-clang | 0.1.0 | 430.85 | NOTE | |||
r-devel-linux-x86_64-fedora-gcc | 0.1.0 | 419.80 | NOTE | |||
r-devel-windows-ix86+x86_64 | 0.1.0 | 42.00 | 417.00 | 459.00 | OK | |
r-patched-linux-x86_64 | 0.1.0 | 12.60 | 278.27 | 290.87 | NOTE | |
r-patched-solaris-x86 | 0.1.0 | 4.10 | ERROR | |||
r-release-linux-x86_64 | 0.1.0 | 13.25 | 273.99 | 287.24 | NOTE | |
r-release-windows-ix86+x86_64 | 0.1.0 | 26.00 | 362.00 | 388.00 | OK | |
r-release-osx-x86_64 | 0.1.0 | ERROR | ||||
r-oldrel-windows-ix86+x86_64 | 0.1.0 | 28.00 | 179.00 | 207.00 | OK | |
r-oldrel-osx-x86_64 | 0.1.0 | NOTE |
Version: 0.1.0
Check: Rd cross-references
Result: NOTE
Package unavailable to check Rd xrefs: ‘dada2’
Flavors: r-devel-linux-x86_64-debian-clang, r-devel-linux-x86_64-debian-gcc, r-devel-linux-x86_64-fedora-clang, r-devel-linux-x86_64-fedora-gcc, r-patched-linux-x86_64, r-release-linux-x86_64, r-oldrel-osx-x86_64
Version: 0.1.0
Check: dependencies in R code
Result: NOTE
Namespaces in Imports field not imported from:
‘gridExtra’ ‘splancs’ ‘tidyverse’
All declared Imports should be used.
Flavors: r-devel-linux-x86_64-fedora-clang, r-devel-linux-x86_64-fedora-gcc, r-oldrel-osx-x86_64
Version: 0.1.0
Check: package dependencies
Result: ERROR
Package required but not available: ‘phyloseq’
See section ‘The DESCRIPTION file’ in the ‘Writing R Extensions’
manual.
Flavor: r-patched-solaris-x86
Version: 0.1.0
Check: package dependencies
Result: ERROR
Package required but not available: ‘ShortRead’
See section ‘The DESCRIPTION file’ in the ‘Writing R Extensions’
manual.
Flavor: r-release-osx-x86_64