CRAN Package Check Results for Package tidyRSS

Last updated on 2018-06-20 01:50:38 CEST.

Flavor Version Tinstall Tcheck Ttotal Status Flags
r-devel-linux-x86_64-debian-clang 1.2.4 4.55 54.25 58.80 OK
r-devel-linux-x86_64-debian-gcc 1.2.4 3.48 45.11 48.59 OK
r-devel-linux-x86_64-fedora-clang 1.2.4 70.00 NOTE
r-devel-linux-x86_64-fedora-gcc 1.2.4 67.26 NOTE
r-devel-windows-ix86+x86_64 1.2.4 13.00 93.00 106.00 OK
r-patched-linux-x86_64 1.2.4 3.19 46.00 49.19 OK
r-patched-solaris-x86 1.2.4 110.20 NOTE
r-release-linux-x86_64 1.2.4 3.24 46.12 49.36 OK
r-release-windows-ix86+x86_64 1.2.4 6.00 91.00 97.00 OK
r-release-osx-x86_64 1.2.4 NOTE
r-oldrel-windows-ix86+x86_64 1.2.4 8.00 63.00 71.00 OK
r-oldrel-osx-x86_64 1.2.3 NOTE

Check Details

Version: 1.2.4
Check: dependencies in R code
Result: NOTE
    Namespace in Imports field not imported from: ‘testthat’
     All declared Imports should be used.
Flavors: r-devel-linux-x86_64-fedora-clang, r-devel-linux-x86_64-fedora-gcc, r-patched-solaris-x86, r-release-osx-x86_64

Version: 1.2.3
Check: dependencies in R code
Result: NOTE
    Namespace in Imports field not imported from: ‘testthat’
     All declared Imports should be used.
Flavor: r-oldrel-osx-x86_64