Last updated on 2018-06-20 01:50:38 CEST.
Flavor | Version | Tinstall | Tcheck | Ttotal | Status | Flags |
---|---|---|---|---|---|---|
r-devel-linux-x86_64-debian-clang | 0.2.1 | 21.19 | 34.94 | 56.13 | OK | |
r-devel-linux-x86_64-debian-gcc | 0.2.1 | 16.84 | 27.60 | 44.44 | OK | |
r-devel-linux-x86_64-fedora-clang | 0.2.1 | 76.61 | NOTE | |||
r-devel-linux-x86_64-fedora-gcc | 0.2.1 | 68.37 | NOTE | |||
r-devel-windows-ix86+x86_64 | 0.2.1 | 57.00 | 98.00 | 155.00 | OK | |
r-patched-linux-x86_64 | 0.2.1 | 22.73 | 32.14 | 54.87 | OK | |
r-patched-solaris-x86 | 0.2.1 | 90.50 | NOTE | |||
r-release-linux-x86_64 | 0.2.1 | 21.60 | 31.80 | 53.40 | OK | |
r-release-windows-ix86+x86_64 | 0.2.1 | 40.00 | 96.00 | 136.00 | OK | |
r-release-osx-x86_64 | 0.2.1 | NOTE | ||||
r-oldrel-windows-ix86+x86_64 | 0.2.1 | 56.00 | 67.00 | 123.00 | OK | |
r-oldrel-osx-x86_64 | 0.2.1 | NOTE |
Version: 0.2.1
Check: data for non-ASCII characters
Result: NOTE
Note: found 1 marked UTF-8 string
Flavors: r-devel-linux-x86_64-fedora-clang, r-devel-linux-x86_64-fedora-gcc, r-patched-solaris-x86, r-release-osx-x86_64, r-oldrel-osx-x86_64