Last updated on 2018-06-20 01:50:38 CEST.
Flavor | Version | Tinstall | Tcheck | Ttotal | Status | Flags |
---|---|---|---|---|---|---|
r-devel-linux-x86_64-debian-clang | 0.7.5 | 18.54 | 238.15 | 256.69 | NOTE | |
r-devel-linux-x86_64-debian-gcc | 0.7.5 | 13.43 | 183.69 | 197.12 | NOTE | |
r-devel-linux-x86_64-fedora-clang | 0.7.5 | 299.45 | NOTE | |||
r-devel-linux-x86_64-fedora-gcc | 0.7.5 | 290.19 | NOTE | |||
r-devel-windows-ix86+x86_64 | 0.7.5 | 39.00 | 382.00 | 421.00 | OK | |
r-patched-linux-x86_64 | 0.7.5 | 14.89 | 204.89 | 219.78 | NOTE | |
r-patched-solaris-x86 | 0.7.5 | 373.50 | NOTE | |||
r-release-linux-x86_64 | 0.7.5 | 16.76 | 203.75 | 220.51 | NOTE | |
r-release-windows-ix86+x86_64 | 0.7.5 | 24.00 | 314.00 | 338.00 | OK | |
r-release-osx-x86_64 | 0.7.5 | OK | ||||
r-oldrel-windows-ix86+x86_64 | 0.7.5 | 19.00 | 232.00 | 251.00 | OK | |
r-oldrel-osx-x86_64 | 0.7.5 | OK |
Version: 0.7.5
Check: package dependencies
Result: NOTE
Package suggested but not available for checking: ‘RSelenium’
Flavors: r-devel-linux-x86_64-debian-clang, r-devel-linux-x86_64-debian-gcc, r-devel-linux-x86_64-fedora-clang, r-devel-linux-x86_64-fedora-gcc, r-patched-linux-x86_64, r-patched-solaris-x86, r-release-linux-x86_64