CRAN Package Check Results for Package trialr

Last updated on 2018-06-20 01:50:39 CEST.

Flavor Version Tinstall Tcheck Ttotal Status Flags
r-devel-linux-x86_64-debian-clang 0.0.1 160.48 114.45 274.93 OK
r-devel-linux-x86_64-debian-gcc 0.0.1 119.25 85.41 204.66 OK
r-devel-linux-x86_64-fedora-clang 0.0.1 347.49 NOTE
r-devel-linux-x86_64-fedora-gcc 0.0.1 328.16 OK
r-devel-windows-ix86+x86_64 0.0.1 330.00 299.00 629.00 NOTE
r-patched-linux-x86_64 0.0.1 138.02 108.48 246.50 OK
r-patched-solaris-x86 0.0.1 47.30 ERROR
r-release-linux-x86_64 0.0.1 136.77 106.51 243.28 OK
r-release-windows-ix86+x86_64 0.0.1 235.00 249.00 484.00 NOTE
r-release-osx-x86_64 0.0.1 NOTE
r-oldrel-windows-ix86+x86_64 0.0.1 258.00 214.00 472.00 NOTE
r-oldrel-osx-x86_64 0.0.1 NOTE

Check Details

Version: 0.0.1
Check: installed package size
Result: NOTE
     installed size is 37.5Mb
     sub-directories of 1Mb or more:
     libs 37.0Mb
Flavors: r-devel-linux-x86_64-fedora-clang, r-devel-windows-ix86+x86_64, r-release-windows-ix86+x86_64, r-release-osx-x86_64, r-oldrel-windows-ix86+x86_64, r-oldrel-osx-x86_64

Version: 0.0.1
Check: whether package can be installed
Result: ERROR
    Installation failed.
Flavor: r-patched-solaris-x86