CRAN Package Check Results for Package trimTrees

Last updated on 2018-06-20 01:50:39 CEST.

Flavor Version Tinstall Tcheck Ttotal Status Flags
r-devel-linux-x86_64-debian-clang 1.2 5.71 36.63 42.34 NOTE
r-devel-linux-x86_64-debian-gcc 1.2 5.18 26.55 31.73 NOTE
r-devel-linux-x86_64-fedora-clang 1.2 50.78 NOTE
r-devel-linux-x86_64-fedora-gcc 1.2 48.06 NOTE
r-devel-windows-ix86+x86_64 1.2 26.00 104.00 130.00 NOTE
r-patched-linux-x86_64 1.2 5.86 32.72 38.58 NOTE
r-patched-solaris-x86 1.2 94.70 NOTE
r-release-linux-x86_64 1.2 5.27 33.10 38.37 NOTE
r-release-windows-ix86+x86_64 1.2 18.00 88.00 106.00 NOTE
r-release-osx-x86_64 1.2 NOTE
r-oldrel-windows-ix86+x86_64 1.2 25.00 68.00 93.00 NOTE
r-oldrel-osx-x86_64 1.2 NOTE

Check Details

Version: 1.2
Check: R code for possible problems
Result: NOTE
    cinbag: no visible global function definition for ‘var’
    trimTrees: no visible global function definition for ‘predict’
    Undefined global functions or variables:
     predict var
    Consider adding
     importFrom("stats", "predict", "var")
    to your NAMESPACE file.
Flavors: r-devel-linux-x86_64-debian-clang, r-devel-linux-x86_64-debian-gcc, r-devel-linux-x86_64-fedora-clang, r-devel-linux-x86_64-fedora-gcc, r-devel-windows-ix86+x86_64, r-patched-linux-x86_64, r-patched-solaris-x86, r-release-linux-x86_64, r-release-windows-ix86+x86_64, r-release-osx-x86_64, r-oldrel-windows-ix86+x86_64, r-oldrel-osx-x86_64

Version: 1.2
Check: compiled code
Result: NOTE
    File ‘trimTrees/libs/trimTrees.so’:
     Found no calls to: ‘R_registerRoutines’, ‘R_useDynamicSymbols’
    
    It is good practice to register native routines and to disable symbol
    search.
    
    See ‘Writing portable packages’ in the ‘Writing R Extensions’ manual.
Flavors: r-devel-linux-x86_64-debian-clang, r-devel-linux-x86_64-debian-gcc, r-devel-linux-x86_64-fedora-clang, r-devel-linux-x86_64-fedora-gcc, r-patched-linux-x86_64, r-release-linux-x86_64