Last updated on 2018-06-20 01:50:39 CEST.
Flavor | Version | Tinstall | Tcheck | Ttotal | Status | Flags |
---|---|---|---|---|---|---|
r-devel-linux-x86_64-debian-clang | 1.3-8 | 6.21 | 27.71 | 33.92 | NOTE | |
r-devel-linux-x86_64-debian-gcc | 1.3-8 | 3.87 | 21.55 | 25.42 | NOTE | |
r-devel-linux-x86_64-fedora-clang | 1.3-8 | 39.24 | NOTE | |||
r-devel-linux-x86_64-fedora-gcc | 1.3-8 | 39.24 | NOTE | |||
r-devel-windows-ix86+x86_64 | 1.3-8 | 27.00 | 45.00 | 72.00 | OK | |
r-patched-linux-x86_64 | 1.3-8 | 6.10 | 26.89 | 32.99 | NOTE | |
r-patched-solaris-x86 | 1.3-8 | 55.60 | OK | |||
r-release-linux-x86_64 | 1.3-8 | 5.84 | 26.11 | 31.95 | NOTE | |
r-release-windows-ix86+x86_64 | 1.3-8 | 29.00 | 43.00 | 72.00 | OK | |
r-release-osx-x86_64 | 1.3-8 | OK | ||||
r-oldrel-windows-ix86+x86_64 | 1.3-8 | 20.00 | 47.00 | 67.00 | OK | |
r-oldrel-osx-x86_64 | 1.3-8 | OK |
Version: 1.3-8
Check: compiled code
Result: NOTE
File ‘tripack/libs/tripack.so’:
Found no call to: ‘R_useDynamicSymbols’
It is good practice to register native routines and to disable symbol
search.
See ‘Writing portable packages’ in the ‘Writing R Extensions’ manual.
Flavors: r-devel-linux-x86_64-debian-clang, r-devel-linux-x86_64-debian-gcc, r-devel-linux-x86_64-fedora-clang, r-devel-linux-x86_64-fedora-gcc, r-patched-linux-x86_64, r-release-linux-x86_64