Last updated on 2018-06-20 01:50:39 CEST.
Flavor | Version | Tinstall | Tcheck | Ttotal | Status | Flags |
---|---|---|---|---|---|---|
r-devel-linux-x86_64-debian-clang | 0.1.2 | 5.20 | 40.19 | 45.39 | OK | |
r-devel-linux-x86_64-debian-gcc | 0.1.2 | 4.45 | 32.45 | 36.90 | OK | |
r-devel-linux-x86_64-fedora-clang | 0.1.2 | 55.80 | NOTE | |||
r-devel-linux-x86_64-fedora-gcc | 0.1.2 | 52.33 | NOTE | |||
r-devel-windows-ix86+x86_64 | 0.1.2 | 10.00 | 80.00 | 90.00 | OK | |
r-patched-linux-x86_64 | 0.1.2 | 4.34 | 40.37 | 44.71 | OK | |
r-patched-solaris-x86 | 0.1.2 | 74.10 | NOTE | |||
r-release-linux-x86_64 | 0.1.2 | 3.66 | 39.76 | 43.42 | OK | |
r-release-windows-ix86+x86_64 | 0.1.2 | 8.00 | 72.00 | 80.00 | OK | |
r-release-osx-x86_64 | 0.1.2 | NOTE | ||||
r-oldrel-windows-ix86+x86_64 | 0.1.2 | 3.00 | 52.00 | 55.00 | OK | |
r-oldrel-osx-x86_64 | 0.1.2 | NOTE |
Version: 0.1.2
Check: dependencies in R code
Result: NOTE
Namespace in Imports field not imported from: ‘purrr’
All declared Imports should be used.
Flavors: r-devel-linux-x86_64-fedora-clang, r-devel-linux-x86_64-fedora-gcc, r-patched-solaris-x86, r-release-osx-x86_64, r-oldrel-osx-x86_64