CRAN Package Check Results for Package veccompare

Last updated on 2018-06-20 01:50:39 CEST.

Flavor Version Tinstall Tcheck Ttotal Status Flags
r-devel-linux-x86_64-debian-clang 0.1.0 1.67 28.89 30.56 OK
r-devel-linux-x86_64-debian-gcc 0.1.0 1.47 22.65 24.12 OK
r-devel-linux-x86_64-fedora-clang 0.1.0 35.65 NOTE
r-devel-linux-x86_64-fedora-gcc 0.1.0 33.50 NOTE
r-devel-windows-ix86+x86_64 0.1.0 7.00 42.00 49.00 OK
r-patched-linux-x86_64 0.1.0 1.69 26.73 28.42 OK
r-patched-solaris-x86 0.1.0 57.60 NOTE
r-release-linux-x86_64 0.1.0 1.72 26.18 27.90 OK
r-release-windows-ix86+x86_64 0.1.0 3.00 58.00 61.00 OK
r-release-osx-x86_64 0.1.0 NOTE
r-oldrel-windows-ix86+x86_64 0.1.0 4.00 41.00 45.00 OK
r-oldrel-osx-x86_64 0.1.0 NOTE

Check Details

Version: 0.1.0
Check: dependencies in R code
Result: NOTE
    Namespace in Imports field not imported from: ‘pander’
     All declared Imports should be used.
Flavors: r-devel-linux-x86_64-fedora-clang, r-devel-linux-x86_64-fedora-gcc, r-patched-solaris-x86, r-release-osx-x86_64, r-oldrel-osx-x86_64