Last updated on 2018-06-20 01:50:39 CEST.
Flavor | Version | Tinstall | Tcheck | Ttotal | Status | Flags |
---|---|---|---|---|---|---|
r-devel-linux-x86_64-debian-clang | 2.0.4 | 6.43 | 63.44 | 69.87 | OK | |
r-devel-linux-x86_64-debian-gcc | 2.0.4 | 5.57 | 48.54 | 54.11 | OK | |
r-devel-linux-x86_64-fedora-clang | 2.0.4 | 80.30 | NOTE | |||
r-devel-linux-x86_64-fedora-gcc | 2.0.4 | 81.61 | OK | |||
r-devel-windows-ix86+x86_64 | 2.0.4 | 24.00 | 123.00 | 147.00 | NOTE | |
r-patched-linux-x86_64 | 2.0.4 | 6.25 | 60.65 | 66.90 | OK | |
r-patched-solaris-x86 | 2.0.4 | 99.70 | WARN | |||
r-release-linux-x86_64 | 2.0.4 | 7.62 | 59.59 | 67.21 | OK | |
r-release-windows-ix86+x86_64 | 2.0.4 | 16.00 | 149.00 | 165.00 | NOTE | |
r-release-osx-x86_64 | 2.0.4 | WARN | ||||
r-oldrel-windows-ix86+x86_64 | 2.0.4 | 17.00 | 109.00 | 126.00 | NOTE | |
r-oldrel-osx-x86_64 | 2.0.3 | WARN |
Version: 2.0.4
Check: installed package size
Result: NOTE
installed size is 11.2Mb
sub-directories of 1Mb or more:
doc 5.6Mb
htmlwidgets 4.0Mb
Flavors: r-devel-linux-x86_64-fedora-clang, r-devel-windows-ix86+x86_64, r-patched-solaris-x86, r-release-windows-ix86+x86_64, r-release-osx-x86_64, r-oldrel-windows-ix86+x86_64
Version: 2.0.4
Check: re-building of vignette outputs
Result: WARN
Error in re-building vignettes:
...
Warning in engine$weave(file, quiet = quiet, encoding = enc) :
Pandoc (>= 1.12.3) and/or pandoc-citeproc not available. Falling back to R Markdown v1.
Quitting from lines 22-27 (Introduction-to-visNetwork.Rmd)
Error: processing vignette 'Introduction-to-visNetwork.Rmd' failed with diagnostics:
cannot open the connection
Execution halted
Flavors: r-patched-solaris-x86, r-release-osx-x86_64
Version: 2.0.3
Check: installed package size
Result: NOTE
installed size is 8.9Mb
sub-directories of 1Mb or more:
doc 4.7Mb
htmlwidgets 3.6Mb
Flavor: r-oldrel-osx-x86_64
Version: 2.0.3
Check: re-building of vignette outputs
Result: WARN
Error in re-building vignettes:
...
Warning in engine$weave(file, quiet = quiet, encoding = enc) :
Pandoc (>= 1.12.3) and/or pandoc-citeproc not available. Falling back to R Markdown v1.
Quitting from lines 22-27 (Introduction-to-visNetwork.Rmd)
Error: processing vignette 'Introduction-to-visNetwork.Rmd' failed with diagnostics:
cannot open the connection
Execution halted
Flavor: r-oldrel-osx-x86_64