Last updated on 2018-06-20 01:50:40 CEST.
Flavor | Version | Tinstall | Tcheck | Ttotal | Status | Flags |
---|---|---|---|---|---|---|
r-devel-linux-x86_64-debian-clang | 0.1.0 | 6.74 | 91.25 | 97.99 | OK | |
r-devel-linux-x86_64-debian-gcc | 0.1.0 | 6.49 | 70.92 | 77.41 | OK | |
r-devel-linux-x86_64-fedora-clang | 0.1.0 | 113.89 | NOTE | |||
r-devel-linux-x86_64-fedora-gcc | 0.1.0 | 108.80 | NOTE | |||
r-devel-windows-ix86+x86_64 | 0.1.0 | 17.00 | 95.00 | 112.00 | OK | |
r-patched-linux-x86_64 | 0.1.0 | 4.86 | 72.39 | 77.25 | NOTE | |
r-patched-solaris-x86 | 0.1.0 | 138.90 | NOTE | |||
r-release-linux-x86_64 | 0.1.0 | 6.44 | 71.61 | 78.05 | NOTE | |
r-release-windows-ix86+x86_64 | 0.1.0 | 9.00 | 122.00 | 131.00 | OK | |
r-release-osx-x86_64 | 0.1.0 | NOTE | ||||
r-oldrel-windows-ix86+x86_64 | 0.1.0 | 10.00 | 82.00 | 92.00 | OK | |
r-oldrel-osx-x86_64 | 0.1.0 | NOTE |
Version: 0.1.0
Check: dependencies in R code
Result: NOTE
Namespace in Imports field not imported from: ‘nlme’
All declared Imports should be used.
Flavors: r-devel-linux-x86_64-fedora-clang, r-devel-linux-x86_64-fedora-gcc, r-patched-solaris-x86, r-release-osx-x86_64, r-oldrel-osx-x86_64
Version: 0.1.0
Check: DESCRIPTION meta-information
Result: NOTE
Dependence on R version ‘3.3.2’ not with patchlevel 0
Flavors: r-patched-linux-x86_64, r-release-linux-x86_64