Last updated on 2018-06-20 01:50:40 CEST.
Flavor | Version | Tinstall | Tcheck | Ttotal | Status | Flags |
---|---|---|---|---|---|---|
r-devel-linux-x86_64-debian-clang | 0.71.2 | 90.82 | 172.49 | 263.31 | NOTE | |
r-devel-linux-x86_64-debian-gcc | 0.71.2 | 81.64 | 129.70 | 211.34 | NOTE | |
r-devel-linux-x86_64-fedora-clang | 0.71.2 | 335.90 | NOTE | |||
r-devel-linux-x86_64-fedora-gcc | 0.71.2 | 317.85 | NOTE | |||
r-devel-windows-ix86+x86_64 | 0.71.2 | 240.00 | 287.00 | 527.00 | NOTE | |
r-patched-linux-x86_64 | 0.71.2 | 95.12 | 148.99 | 244.11 | NOTE | |
r-patched-solaris-x86 | 0.71.2 | 403.50 | NOTE | |||
r-release-linux-x86_64 | 0.71.2 | 96.33 | 149.95 | 246.28 | NOTE | |
r-release-windows-ix86+x86_64 | 0.71.2 | 188.00 | 337.00 | 525.00 | NOTE | |
r-release-osx-x86_64 | 0.71.2 | NOTE | ||||
r-oldrel-windows-ix86+x86_64 | 0.71.2 | 228.00 | 247.00 | 475.00 | NOTE | |
r-oldrel-osx-x86_64 | 0.71.1 | NOTE |
Version: 0.71.2
Check: for GNU extensions in Makefiles
Result: NOTE
GNU make is a SystemRequirements.
Flavors: r-devel-linux-x86_64-debian-clang, r-devel-linux-x86_64-debian-gcc, r-devel-linux-x86_64-fedora-clang, r-devel-linux-x86_64-fedora-gcc, r-devel-windows-ix86+x86_64, r-patched-linux-x86_64, r-patched-solaris-x86, r-release-linux-x86_64, r-release-windows-ix86+x86_64, r-release-osx-x86_64, r-oldrel-windows-ix86+x86_64
Version: 0.71.2
Check: installed package size
Result: NOTE
installed size is 19.2Mb
sub-directories of 1Mb or more:
libs 18.4Mb
Flavors: r-devel-linux-x86_64-fedora-clang, r-release-osx-x86_64
Version: 0.71.1
Check: installed package size
Result: NOTE
installed size is 17.5Mb
sub-directories of 1Mb or more:
libs 16.8Mb
Flavor: r-oldrel-osx-x86_64
Version: 0.71.1
Check: for GNU extensions in Makefiles
Result: NOTE
GNU make is a SystemRequirements.
Flavor: r-oldrel-osx-x86_64