CRAN Package Check Results for Package xtractomatic

Last updated on 2018-06-20 01:50:40 CEST.

Flavor Version Tinstall Tcheck Ttotal Status Flags
r-devel-linux-x86_64-debian-clang 3.4.2 1.62 28.16 29.78 OK --no-vignettes
r-devel-linux-x86_64-debian-gcc 3.4.2 1.76 22.21 23.97 OK --no-vignettes
r-devel-linux-x86_64-fedora-clang 3.4.2 71.06 NOTE
r-devel-linux-x86_64-fedora-gcc 3.4.2 67.55 NOTE
r-devel-windows-ix86+x86_64 3.4.2 10.00 71.00 81.00 OK --no-vignettes
r-patched-linux-x86_64 3.4.2 1.65 26.70 28.35 OK --no-vignettes
r-patched-solaris-x86 3.4.2 154.90 WARN
r-release-linux-x86_64 3.4.2 2.37 26.36 28.73 OK --no-vignettes
r-release-windows-ix86+x86_64 3.4.2 5.00 79.00 84.00 OK --no-vignettes
r-release-osx-x86_64 3.4.2 WARN
r-oldrel-windows-ix86+x86_64 3.4.2 4.00 58.00 62.00 OK --no-vignettes
r-oldrel-osx-x86_64 3.4.2 WARN

Check Details

Version: 3.4.2
Check: dependencies in R code
Result: NOTE
    Namespace in Imports field not imported from: ‘dplyr’
     All declared Imports should be used.
Flavors: r-devel-linux-x86_64-fedora-clang, r-devel-linux-x86_64-fedora-gcc, r-patched-solaris-x86, r-release-osx-x86_64, r-oldrel-osx-x86_64

Version: 3.4.2
Check: re-building of vignette outputs
Result: WARN
    Error in re-building vignettes:
     ...
    Warning in engine$weave(file, quiet = quiet, encoding = enc) :
     Pandoc (>= 1.12.3) and/or pandoc-citeproc not available. Falling back to R Markdown v1.
    date lon lat lowLon higLon lowLat higLat
    4/23/2003 203.899 19.664 203.899 203.899 19.664 19.664
    4/24/2003 204.151 19.821 203.912597 204.389403 18.78051934 20.86148066
    4/30/2003 203.919 20.351 203.6793669 204.1586331 18.79728188 21.90471812
    5/1/2003 204.229 20.305 203.9943343 204.4636657 18.90440013 21.70559987
    Quitting from lines 1055-1057 (Usingxtractomatic.Rmd)
    Error: processing vignette 'Usingxtractomatic.Rmd' failed with diagnostics:
    cannot open the connection
    Execution halted
Flavors: r-patched-solaris-x86, r-release-osx-x86_64, r-oldrel-osx-x86_64