CRAN Package Check Results for Package xts

Last updated on 2018-06-20 01:50:40 CEST.

Flavor Version Tinstall Tcheck Ttotal Status Flags
r-devel-linux-x86_64-debian-clang 0.10-2 13.29 62.22 75.51 OK
r-devel-linux-x86_64-debian-gcc 0.10-2 10.94 49.13 60.07 OK
r-devel-linux-x86_64-fedora-clang 0.10-2 90.91 OK
r-devel-linux-x86_64-fedora-gcc 0.10-2 86.97 OK
r-devel-windows-ix86+x86_64 0.10-2 61.00 154.00 215.00 OK
r-patched-linux-x86_64 0.10-2 12.82 59.73 72.55 OK
r-patched-solaris-x86 0.10-2 154.30 OK
r-release-linux-x86_64 0.10-2 12.38 59.00 71.38 OK
r-release-windows-ix86+x86_64 0.10-2 41.00 133.00 174.00 OK
r-release-osx-x86_64 0.10-2 ERROR
r-oldrel-windows-ix86+x86_64 0.10-2 54.00 112.00 166.00 OK
r-oldrel-osx-x86_64 0.10-2 OK

Check Details

Version: 0.10-2
Check: tests
Result: ERROR
     Running ‘doRUnit.R’ [36s/56s]
    Running the tests in ‘tests/doRUnit.R’ failed.
    Last 13 lines of output:
     Mean relative difference: 8.173474e-05
    
     FAILURE in test.timeSeries_reclass: Error in checkIdentical(sample.timeSeries, reclass(try.xts(sample.timeSeries))) :
     FALSE
    
     FAILURE in test.timeSeries_reclass_subset_reclass_j1: Error in checkIdentical(sample.timeSeries[, 1], reclass(try.xts(sample.timeSeries))[, :
     FALSE
    
     DEACTIVATED test.zoo_reclass: rownames are not kept yet in current xts-dev
     DEACTIVATED test.zoo_reclass_subset_reclass_j1: rownames are not kept yet in current xts-dev
     Error:
    
     unit testing failed (#test failures: 17, #R errors: 0)
    
     Execution halted
Flavor: r-release-osx-x86_64