CRAN Package Check Results for Package zFactor

Last updated on 2018-06-20 01:50:40 CEST.

Flavor Version Tinstall Tcheck Ttotal Status Flags
r-devel-linux-x86_64-debian-clang 0.1.7 4.71 125.05 129.76 OK
r-devel-linux-x86_64-debian-gcc 0.1.7 3.10 99.26 102.36 OK
r-devel-linux-x86_64-fedora-clang 0.1.7 171.53 NOTE
r-devel-linux-x86_64-fedora-gcc 0.1.7 166.38 NOTE
r-devel-windows-ix86+x86_64 0.1.7 20.00 199.00 219.00 OK
r-patched-linux-x86_64 0.1.7 4.21 117.39 121.60 OK
r-patched-solaris-x86 0.1.7 239.00 NOTE
r-release-linux-x86_64 0.1.7 2.95 116.00 118.95 OK
r-release-windows-ix86+x86_64 0.1.7 7.00 267.00 274.00 OK
r-release-osx-x86_64 0.1.7 NOTE
r-oldrel-windows-ix86+x86_64 0.1.7 7.00 201.00 208.00 OK
r-oldrel-osx-x86_64 0.1.7 NOTE

Check Details

Version: 0.1.7
Check: dependencies in R code
Result: NOTE
    Namespace in Imports field not imported from: ‘rootSolve’
     All declared Imports should be used.
Flavors: r-devel-linux-x86_64-fedora-clang, r-devel-linux-x86_64-fedora-gcc, r-patched-solaris-x86, r-release-osx-x86_64, r-oldrel-osx-x86_64