CRAN Package Check Results for Package Arothron

Last updated on 2018-07-17 01:46:48 CEST.

Flavor Version Tinstall Tcheck Ttotal Status Flags
r-devel-linux-x86_64-debian-clang 1.0.1 7.18 76.82 84.00 OK
r-devel-linux-x86_64-debian-gcc 1.0.1 7.09 71.22 78.31 OK
r-devel-linux-x86_64-fedora-clang 1.0.2 113.97 OK
r-devel-linux-x86_64-fedora-gcc 1.0.2 105.88 OK
r-devel-windows-ix86+x86_64 1.0.1 22.00 134.00 156.00 OK
r-patched-linux-x86_64 1.0.1 5.98 79.32 85.30 OK
r-patched-solaris-x86 1.0.1 169.10 OK
r-release-linux-x86_64 1.0.1 5.94 79.49 85.43 OK
r-release-windows-ix86+x86_64 1.0.1 19.00 147.00 166.00 OK
r-release-osx-x86_64 1.0.1 WARN
r-oldrel-windows-ix86+x86_64 1.0.2 28.00 156.00 184.00 OK
r-oldrel-osx-x86_64 1.0.1 WARN

Check Details

Version: 1.0.1
Check: whether package can be installed
Result: WARN
    Found the following significant warnings:
     Warning: 'rgl_init' failed, running with rgl.useNULL = TRUE
Flavors: r-release-osx-x86_64, r-oldrel-osx-x86_64